{"id":5452,"date":"2025-10-29T12:42:55","date_gmt":"2025-10-29T15:42:55","guid":{"rendered":"https:\/\/www.cesar.org.br\/painel\/?post_type=insight&#038;p=5452"},"modified":"2026-04-27T15:46:44","modified_gmt":"2026-04-27T18:46:44","slug":"mobilidade-eletrica-desafios-e-futuro-da-eletrificacao","status":"publish","type":"insight","link":"https:\/\/www.cesar.org.br\/painel\/insight\/mobilidade-eletrica-desafios-e-futuro-da-eletrificacao\/","title":{"rendered":"Mobilidade el\u00e9trica: Quais s\u00e3o os principais desafios e tend\u00eancias para a eletrifica\u00e7\u00e3o no Brasil?"},"content":{"rendered":"<p data-pm-slice=\"0 0 []\">A mobilidade el\u00e9trica consolida-se como um dos pilares da transforma\u00e7\u00e3o do setor automotivo no Brasil. Impulsionada por avan\u00e7os tecnol\u00f3gicos e pela urg\u00eancia de solu\u00e7\u00f5es sustent\u00e1veis, essa revolu\u00e7\u00e3o desafia empresas e gestores a repensarem estrat\u00e9gias, modelos de neg\u00f3cio e alian\u00e7as.<\/p>\n<p>O pa\u00eds vive um momento cr\u00edtico, em que inova\u00e7\u00e3o, infraestrutura e regulamenta\u00e7\u00e3o precisam caminhar juntas para garantir a acelera\u00e7\u00e3o da eletrifica\u00e7\u00e3o e o protagonismo nacional nesse cen\u00e1rio desafiador. Continue nessa reflex\u00e3o sobre os desafios e o futuro da eletrifica\u00e7\u00e3o na mobilidade el\u00e9trica conosco!<\/p>\n<h2>Panorama da mobilidade el\u00e9trica: avan\u00e7os e gargalos<\/h2>\n<p>Em 2023, o Brasil emplacou 93.927 ve\u00edculos eletrificados leves,<strong> crescimento de 91% em rela\u00e7\u00e3o ao ano anterior<\/strong> (ABVE, 2024). Esse salto mostra que a combina\u00e7\u00e3o entre benef\u00edcios econ\u00f4micos e consci\u00eancia ambiental vem fortalecendo o interesse do consumidor.<\/p>\n<p>Ademais, incentivos estaduais, como a isen\u00e7\u00e3o do IPVA em alguns estados, e pol\u00edticas municipais de descarboniza\u00e7\u00e3o tamb\u00e9m ajudam a criar um ambiente mais favor\u00e1vel.<\/p>\n<p>Por outro lado, os gargalos seguem evidentes. A <a href=\"https:\/\/www.cesar.org.br\/w\/tendencias-em-tecnologia-para-carregamento-de-veiculos-eletricos\" target=\"_blank\" rel=\"noopener\">infraestrutura de pontos de recarga<\/a>, por exemplo, somava 10.622 pontos p\u00fablicos e semip\u00fablicos at\u00e9 agosto de 2024 \u2014 ainda um n\u00famero modesto para acompanhar o ritmo de expans\u00e3o da frota (InsideEVs, 2024).<\/p>\n<p>A aus\u00eancia de padroniza\u00e7\u00e3o de equipamentos e regras de cobran\u00e7a de energia desestimula investidores, enquanto a depend\u00eancia de baterias e componentes importados limita o fortalecimento da ind\u00fastria nacional.<\/p>\n<p>Esses fatores mostram que, embora o pa\u00eds avance r\u00e1pido, ainda h\u00e1 barreiras estruturais a superar para que a eletrifica\u00e7\u00e3o se consolide em larga escala.<\/p>\n<p>Nesse cen\u00e1rio, a colabora\u00e7\u00e3o entre<a href=\"https:\/\/www.cesar.org.br\/w\/maximizando-o-potencial-inovador-o-papel-dos-icts-em-projetos-de-inovacao\" target=\"_blank\" rel=\"noopener\"> ICTs<\/a>, empresas privadas, fabricantes, integradores, operadores e gestores p\u00fablicos torna-se indispens\u00e1vel. Com esse esfor\u00e7o conjunto, ser\u00e1 poss\u00edvel criar um ambiente previs\u00edvel e atrativo para investimentos, garantindo que a mobilidade el\u00e9trica avance de forma sustent\u00e1vel e ganhe escala no Brasil.<\/p>\n<h3>Produ\u00e7\u00e3o nacional: desafios e caminhos para fomentar a cadeia produtiva<\/h3>\n<p>Outro ponto central \u00e9 a<strong> produ\u00e7\u00e3o local de baterias e sistemas eletr\u00f4nicos<\/strong>. A aus\u00eancia de incentivos para pesquisa e desenvolvimento, somada \u00e0 falta de m\u00e3o de obra especializada, eleva os custos e reduz a competitividade em muitas regi\u00f5es.<\/p>\n<p>Consolidar uma cadeia produtiva nacional fortalece a ind\u00fastria, gera empregos qualificados e promove independ\u00eancia tecnol\u00f3gica. Nesse processo, parcerias entre montadoras, startups e centros de pesquisa, como o CESAR, s\u00e3o alternativas estrat\u00e9gicas para acelerar solu\u00e7\u00f5es feitas sob medida para o Brasil.<\/p>\n<p><img loading=\"lazy\" decoding=\"async\" class=\"aligncenter wp-image-5569 size-large\" src=\"https:\/\/www.cesar.org.br\/painel\/wp-content\/uploads\/2025\/10\/pexels-kindelmedia-9800006-1024x768.jpg\" alt=\"\" width=\"1024\" height=\"768\" srcset=\"https:\/\/www.cesar.org.br\/painel\/wp-content\/uploads\/2025\/10\/pexels-kindelmedia-9800006-1024x768.jpg 1024w, https:\/\/www.cesar.org.br\/painel\/wp-content\/uploads\/2025\/10\/pexels-kindelmedia-9800006-300x225.jpg 300w, https:\/\/www.cesar.org.br\/painel\/wp-content\/uploads\/2025\/10\/pexels-kindelmedia-9800006-768x576.jpg 768w, https:\/\/www.cesar.org.br\/painel\/wp-content\/uploads\/2025\/10\/pexels-kindelmedia-9800006-1536x1152.jpg 1536w, https:\/\/www.cesar.org.br\/painel\/wp-content\/uploads\/2025\/10\/pexels-kindelmedia-9800006.jpg 1920w\" sizes=\"auto, (max-width: 1024px) 100vw, 1024px\" \/><\/p>\n<h2>Interoperabilidade e padroniza\u00e7\u00e3o: bases para um ecossistema conectado<\/h2>\n<p>Para que o setor de mobilidade el\u00e9trica avance, n\u00e3o basta aumentar a frota ou multiplicar pontos de recarga. \u00c9 necess\u00e1rio garantir interoperabilidade. Isto \u00e9, a <strong>capacidade de ve\u00edculos, eletropostos e plataformas digitais funcionarem de maneira integrada<\/strong>, independentemente do fabricante ou da tecnologia utilizada. Essa comunica\u00e7\u00e3o garante seguran\u00e7a e uma experi\u00eancia mais simples (e tecnol\u00f3gica) para o usu\u00e1rio.<\/p>\n<p>Quando padr\u00f5es t\u00e9cnicos e de cobran\u00e7a s\u00e3o estabelecidos, a experi\u00eancia melhora para todos: motoristas podem recarregar em qualquer ponto sem preocupa\u00e7\u00e3o com compatibilidade, empresas conseguem integrar servi\u00e7os e investidores t\u00eam maior previsibilidade para expandir suas redes.<\/p>\n<p>Sem essa base comum, o risco \u00e9 criar um ecossistema fragmentado, com barreiras que desestimulam o consumidor e encarecem os custos de opera\u00e7\u00e3o. J\u00e1 com interoperabilidade e padroniza\u00e7\u00e3o do setor, abre-se espa\u00e7o para novos modelos de neg\u00f3cio, como redes de recarga compartilhada, pagamento digital unificado e solu\u00e7\u00f5es de<a href=\"https:\/\/www.cesar.org.br\/w\/gestao-de-energia-eletrica-como-mitigar-falhas-no-setor\" target=\"_blank\" rel=\"noopener\"> gest\u00e3o energ\u00e9tica<\/a> em larga escala.<\/p>\n<h2>Tecnologias inovadoras: IoT, smart charging e V2G como propulsores da mobilidade<\/h2>\n<p>A tecnologia j\u00e1 mostra como pode acelerar esse movimento.<strong> A <\/strong><a href=\"https:\/\/www.cesar.org.br\/w\/conheca-o-iot-confira-o-guia-do-cesar-sobre-o-assunto\" target=\"_blank\" rel=\"noopener\">Internet das Coisas (IoT) <\/a><strong>viabiliza o monitoramento em tempo real<\/strong>, tornando poss\u00edvel a manuten\u00e7\u00e3o preditiva e a redu\u00e7\u00e3o de custos. O smart charging ajusta a recarga conforme o perfil do usu\u00e1rio e a demanda da rede el\u00e9trica, evitando sobrecargas.<\/p>\n<p>E o conceito V2G (Vehicle-to-Grid) d\u00e1 um passo al\u00e9m: transforma ve\u00edculos em baterias m\u00f3veis, capazes de devolver energia \u00e0 rede e ajudar na estabilidade do sistema el\u00e9trico. Essas solu\u00e7\u00f5es tornam as cidades mais inteligentes e abrem novas oportunidades de neg\u00f3cio para toda a cadeia automotiva!<\/p>\n<h2>A import\u00e2ncia de pol\u00edticas ESG e descarboniza\u00e7\u00e3o na ind\u00fastria automotiva<\/h2>\n<p>Hoje, as metas ESG est\u00e3o no centro da agenda automotiva. A mobilidade el\u00e9trica \u00e9 pe\u00e7a-chave na estrat\u00e9gia de descarboniza\u00e7\u00e3o, alinhando-se a compromissos globais, como o Acordo de Paris e a iniciativas nacionais de redu\u00e7\u00e3o de emiss\u00f5es.<\/p>\n<p>Centros de excel\u00eancia como o CESAR \u2013 Centro de Estudos e Sistemas Avan\u00e7ados do Recife \u2013 j\u00e1 lideram projetos que unem pesquisa aplicada, impacto social e tecnologia de ponta, atuando em <a href=\"https:\/\/www.cesar.org.br\/w\/setor-automotivo-quais-as-tendencias-para-esse-mercado\" target=\"_blank\" rel=\"noopener\">projetos de P&amp;D<\/a> e no desenvolvimento de solu\u00e7\u00f5es tecnol\u00f3gicas nacionais.<\/p>\n<p>Assim, o Brasil tem a chance de se consolidar como refer\u00eancia mundial em solu\u00e7\u00f5es sustent\u00e1veis para transporte. Que tal conferirmos alguns exemplos de tais iniciativas?<\/p>\n<h3>Programa MOVER: fomento \u00e0 inova\u00e7\u00e3o e \u00e0 produ\u00e7\u00e3o local<img loading=\"lazy\" decoding=\"async\" class=\" wp-image-4169 alignright\" src=\"https:\/\/www.cesar.org.br\/painel\/wp-content\/uploads\/2024\/10\/mover-207x300.png\" alt=\"\" width=\"263\" height=\"381\" srcset=\"https:\/\/www.cesar.org.br\/painel\/wp-content\/uploads\/2024\/10\/mover-207x300.png 207w, https:\/\/www.cesar.org.br\/painel\/wp-content\/uploads\/2024\/10\/mover.png 708w\" sizes=\"auto, (max-width: 263px) 100vw, 263px\" \/><\/h3>\n<p>O programa MOVER (Mobilidade Verde e Inova\u00e7\u00e3o) chega como um divisor de \u00e1guas para o setor. Ele<strong> incentiva pesquisa, desenvolvimento e produ\u00e7\u00e3o nacional<\/strong>, criando condi\u00e7\u00f5es para que o Brasil acompanhe as tend\u00eancias globais.<\/p>\n<p>Inclusive, o CESAR integra iniciativas estrat\u00e9gicas dentro do programa, promovendo cocria\u00e7\u00e3o e desenvolvimento de solu\u00e7\u00f5es sob medida. Para entender melhor, o <a href=\"https:\/\/materiais.cesar.org.br\/ebook-mover\" target=\"_blank\" rel=\"noopener\">eBook MOVER<\/a> re\u00fane caminhos pr\u00e1ticos para profissionais e empresas que desejam liderar essa transforma\u00e7\u00e3o. Vale conferir porque traz insights pr\u00e1ticos para quem quer se preparar para esse futuro<\/p>\n<h3>Volkswagen, EyeFlow e CESAR: inova\u00e7\u00e3o em caminh\u00f5es el\u00e9tricos e aut\u00f4nomos<\/h3>\n<p>Al\u00e9m disso, a <a href=\"https:\/\/www.cesar.org.br\/w\/volkswagen-e-eyeflow-inovacao-em-caminhoes-para-mobilidade-inteligente-e-seguranca-no-transito\" target=\"_blank\" rel=\"noopener\">parceria entre Volkswagen Caminh\u00f5es e \u00d4nibus, EyeFlow e CESAR<\/a> mostra como a cocria\u00e7\u00e3o pode resolver desafios complexos da mobilidade inteligente. O projeto, apoiado pela Embrapii, desenvolveu interfaces e plataformas para caminh\u00f5es aut\u00f4nomos e el\u00e9tricos, priorizando seguran\u00e7a e comunica\u00e7\u00e3o com o ambiente urbano.<\/p>\n<p>Do benchmarking internacional \u00e0 prototipagem conceitual, passando pelo uso de intelig\u00eancia artificial, o CESAR contribuiu em todas as etapas do processo. O resultado foi um projeto inovador que j\u00e1 avan\u00e7a e consolida o CESAR como uma parceria de refer\u00eancia em design de servi\u00e7os e tecnologia para mobilidade inteligente.<\/p>\n<h2>O papel do CESAR como parceiro estrat\u00e9gico na transforma\u00e7\u00e3o da mobilidade<\/h2>\n<p>Com mais de 28 anos de atua\u00e7\u00e3o, <strong>o CESAR conecta ve\u00edculos, pessoas e infraestrutura por meio de solu\u00e7\u00f5es<\/strong> que unem pesquisa, desenvolvimento, design e implementa\u00e7\u00e3o. Atuamos em toda a jornada da inova\u00e7\u00e3o, apoiando empresas que desejam transformar seus projetos de mobilidade com foco em ESG, descarboniza\u00e7\u00e3o e tecnologia de ponta.<\/p>\n<h3>O futuro da mobilidade j\u00e1 come\u00e7ou. Se a sua empresa busca um parceiro para acelerar essa transforma\u00e7\u00e3o, fale com um de nossos consultores e descubra como o CESAR pode ajudar. <a href=\"https:\/\/materiais.cesar.org.br\/mobilidade\" target=\"_blank\" rel=\"noopener\">Conhe\u00e7a mais sobre nossa atua\u00e7\u00e3o, cases e portf\u00f3lio de clientes!<\/a><\/h3>\n<hr \/>\n<h2>Refer\u00eancias<\/h2>\n<ul>\n<li>ABVE \u2013 Associa\u00e7\u00e3o Brasileira do Ve\u00edculo El\u00e9trico. 2023 supera todas as previs\u00f5es: 94 mil eletrificados. 2024. Dispon\u00edvel em: https:\/\/abve.org.br\/2023-supera-todas-as-previsoes-94-mil-eletrificados\/. Acesso em: 16 set. 2025.<\/li>\n<li>INSIDEEVS. Brasil j\u00e1 conta com 10.622 pontos de recarga para ve\u00edculos el\u00e9tricos. 2024. Dispon\u00edvel em: https:\/\/insideevs.uol.com.br\/news\/732864\/brasil-pontos-recarga-veiculos-eletricos\/. Acesso em: 16 set. 2025.<\/li>\n<\/ul>\n","protected":false},"featured_media":6580,"template":"","categories":[598],"tags":[544,417,166],"formato_insights":[16],"class_list":["post-5452","insight","type-insight","status-publish","has-post-thumbnail","hentry","category-mobilidade","tag-eletrificacao","tag-inovacao-tecnologica","tag-mover","formato_insights-artigo"],"acf":[],"_links":{"self":[{"href":"https:\/\/www.cesar.org.br\/painel\/wp-json\/wp\/v2\/insight\/5452","targetHints":{"allow":["GET"]}}],"collection":[{"href":"https:\/\/www.cesar.org.br\/painel\/wp-json\/wp\/v2\/insight"}],"about":[{"href":"https:\/\/www.cesar.org.br\/painel\/wp-json\/wp\/v2\/types\/insight"}],"wp:featuredmedia":[{"embeddable":true,"href":"https:\/\/www.cesar.org.br\/painel\/wp-json\/wp\/v2\/media\/6580"}],"wp:attachment":[{"href":"https:\/\/www.cesar.org.br\/painel\/wp-json\/wp\/v2\/media?parent=5452"}],"wp:term":[{"taxonomy":"category","embeddable":true,"href":"https:\/\/www.cesar.org.br\/painel\/wp-json\/wp\/v2\/categories?post=5452"},{"taxonomy":"post_tag","embeddable":true,"href":"https:\/\/www.cesar.org.br\/painel\/wp-json\/wp\/v2\/tags?post=5452"},{"taxonomy":"formato_insights","embeddable":true,"href":"https:\/\/www.cesar.org.br\/painel\/wp-json\/wp\/v2\/formato_insights?post=5452"}],"curies":[{"name":"wp","href":"https:\/\/api.w.org\/{rel}","templated":true}]}}

Mobilidade elétrica: Quais são os principais desafios e tendências para a eletrificação no Brasil?

<p data-pm-slice="0 0 []">A mobilidade elétrica consolida-se como um dos pilares da transformação do setor automotivo no Brasil. Impulsionada por avanços tecnológicos e pela urgência de soluções sustentáveis, essa revolução desafia empresas e gestores a repensarem estratégias, modelos de negócio e alianças.</p>
<p>O país vive um momento crítico, em que inovação, infraestrutura e regulamentação precisam caminhar juntas para garantir a aceleração da eletrificação e o protagonismo nacional nesse cenário desafiador. Continue nessa reflexão sobre os desafios e o futuro da eletrificação na mobilidade elétrica conosco!</p>
<h2>Panorama da mobilidade elétrica: avanços e gargalos</h2>
<p>Em 2023, o Brasil emplacou 93.927 veículos eletrificados leves,<strong> crescimento de 91% em relação ao ano anterior</strong> (ABVE, 2024). Esse salto mostra que a combinação entre benefícios econômicos e consciência ambiental vem fortalecendo o interesse do consumidor.</p>
<p>Ademais, incentivos estaduais, como a isenção do IPVA em alguns estados, e políticas municipais de descarbonização também ajudam a criar um ambiente mais favorável.</p>
<p>Por outro lado, os gargalos seguem evidentes. A <a href="https://www.cesar.org.br/w/tendencias-em-tecnologia-para-carregamento-de-veiculos-eletricos" target="_blank" rel="noopener">infraestrutura de pontos de recarga</a>, por exemplo, somava 10.622 pontos públicos e semipúblicos até agosto de 2024 — ainda um número modesto para acompanhar o ritmo de expansão da frota (InsideEVs, 2024).</p>
<p>A ausência de padronização de equipamentos e regras de cobrança de energia desestimula investidores, enquanto a dependência de baterias e componentes importados limita o fortalecimento da indústria nacional.</p>
<p>Esses fatores mostram que, embora o país avance rápido, ainda há barreiras estruturais a superar para que a eletrificação se consolide em larga escala.</p>
<p>Nesse cenário, a colaboração entre<a href="https://www.cesar.org.br/w/maximizando-o-potencial-inovador-o-papel-dos-icts-em-projetos-de-inovacao" target="_blank" rel="noopener"> ICTs</a>, empresas privadas, fabricantes, integradores, operadores e gestores públicos torna-se indispensável. Com esse esforço conjunto, será possível criar um ambiente previsível e atrativo para investimentos, garantindo que a mobilidade elétrica avance de forma sustentável e ganhe escala no Brasil.</p>
<h3>Produção nacional: desafios e caminhos para fomentar a cadeia produtiva</h3>
<p>Outro ponto central é a<strong> produção local de baterias e sistemas eletrônicos</strong>. A ausência de incentivos para pesquisa e desenvolvimento, somada à falta de mão de obra especializada, eleva os custos e reduz a competitividade em muitas regiões.</p>
<p>Consolidar uma cadeia produtiva nacional fortalece a indústria, gera empregos qualificados e promove independência tecnológica. Nesse processo, parcerias entre montadoras, startups e centros de pesquisa, como o CESAR, são alternativas estratégicas para acelerar soluções feitas sob medida para o Brasil.</p>
<p><img loading="lazy" decoding="async" class="aligncenter wp-image-5569 size-large" src="https://www.cesar.org.br/painel/wp-content/uploads/2025/10/pexels-kindelmedia-9800006-1024x768.jpg" alt="" width="1024" height="768" srcset="https://www.cesar.org.br/painel/wp-content/uploads/2025/10/pexels-kindelmedia-9800006-1024x768.jpg 1024w, https://www.cesar.org.br/painel/wp-content/uploads/2025/10/pexels-kindelmedia-9800006-300x225.jpg 300w, https://www.cesar.org.br/painel/wp-content/uploads/2025/10/pexels-kindelmedia-9800006-768x576.jpg 768w, https://www.cesar.org.br/painel/wp-content/uploads/2025/10/pexels-kindelmedia-9800006-1536x1152.jpg 1536w, https://www.cesar.org.br/painel/wp-content/uploads/2025/10/pexels-kindelmedia-9800006.jpg 1920w" sizes="auto, (max-width: 1024px) 100vw, 1024px" /></p>
<h2>Interoperabilidade e padronização: bases para um ecossistema conectado</h2>
<p>Para que o setor de mobilidade elétrica avance, não basta aumentar a frota ou multiplicar pontos de recarga. É necessário garantir interoperabilidade. Isto é, a <strong>capacidade de veículos, eletropostos e plataformas digitais funcionarem de maneira integrada</strong>, independentemente do fabricante ou da tecnologia utilizada. Essa comunicação garante segurança e uma experiência mais simples (e tecnológica) para o usuário.</p>
<p>Quando padrões técnicos e de cobrança são estabelecidos, a experiência melhora para todos: motoristas podem recarregar em qualquer ponto sem preocupação com compatibilidade, empresas conseguem integrar serviços e investidores têm maior previsibilidade para expandir suas redes.</p>
<p>Sem essa base comum, o risco é criar um ecossistema fragmentado, com barreiras que desestimulam o consumidor e encarecem os custos de operação. Já com interoperabilidade e padronização do setor, abre-se espaço para novos modelos de negócio, como redes de recarga compartilhada, pagamento digital unificado e soluções de<a href="https://www.cesar.org.br/w/gestao-de-energia-eletrica-como-mitigar-falhas-no-setor" target="_blank" rel="noopener"> gestão energética</a> em larga escala.</p>
<h2>Tecnologias inovadoras: IoT, smart charging e V2G como propulsores da mobilidade</h2>
<p>A tecnologia já mostra como pode acelerar esse movimento.<strong> A </strong><a href="https://www.cesar.org.br/w/conheca-o-iot-confira-o-guia-do-cesar-sobre-o-assunto" target="_blank" rel="noopener">Internet das Coisas (IoT) </a><strong>viabiliza o monitoramento em tempo real</strong>, tornando possível a manutenção preditiva e a redução de custos. O smart charging ajusta a recarga conforme o perfil do usuário e a demanda da rede elétrica, evitando sobrecargas.</p>
<p>E o conceito V2G (Vehicle-to-Grid) dá um passo além: transforma veículos em baterias móveis, capazes de devolver energia à rede e ajudar na estabilidade do sistema elétrico. Essas soluções tornam as cidades mais inteligentes e abrem novas oportunidades de negócio para toda a cadeia automotiva!</p>
<h2>A importância de políticas ESG e descarbonização na indústria automotiva</h2>
<p>Hoje, as metas ESG estão no centro da agenda automotiva. A mobilidade elétrica é peça-chave na estratégia de descarbonização, alinhando-se a compromissos globais, como o Acordo de Paris e a iniciativas nacionais de redução de emissões.</p>
<p>Centros de excelência como o CESAR – Centro de Estudos e Sistemas Avançados do Recife – já lideram projetos que unem pesquisa aplicada, impacto social e tecnologia de ponta, atuando em <a href="https://www.cesar.org.br/w/setor-automotivo-quais-as-tendencias-para-esse-mercado" target="_blank" rel="noopener">projetos de P&amp;D</a> e no desenvolvimento de soluções tecnológicas nacionais.</p>
<p>Assim, o Brasil tem a chance de se consolidar como referência mundial em soluções sustentáveis para transporte. Que tal conferirmos alguns exemplos de tais iniciativas?</p>
<h3>Programa MOVER: fomento à inovação e à produção local<img loading="lazy" decoding="async" class=" wp-image-4169 alignright" src="https://www.cesar.org.br/painel/wp-content/uploads/2024/10/mover-207x300.png" alt="" width="263" height="381" srcset="https://www.cesar.org.br/painel/wp-content/uploads/2024/10/mover-207x300.png 207w, https://www.cesar.org.br/painel/wp-content/uploads/2024/10/mover.png 708w" sizes="auto, (max-width: 263px) 100vw, 263px" /></h3>
<p>O programa MOVER (Mobilidade Verde e Inovação) chega como um divisor de águas para o setor. Ele<strong> incentiva pesquisa, desenvolvimento e produção nacional</strong>, criando condições para que o Brasil acompanhe as tendências globais.</p>
<p>Inclusive, o CESAR integra iniciativas estratégicas dentro do programa, promovendo cocriação e desenvolvimento de soluções sob medida. Para entender melhor, o <a href="https://materiais.cesar.org.br/ebook-mover" target="_blank" rel="noopener">eBook MOVER</a> reúne caminhos práticos para profissionais e empresas que desejam liderar essa transformação. Vale conferir porque traz insights práticos para quem quer se preparar para esse futuro</p>
<h3>Volkswagen, EyeFlow e CESAR: inovação em caminhões elétricos e autônomos</h3>
<p>Além disso, a <a href="https://www.cesar.org.br/w/volkswagen-e-eyeflow-inovacao-em-caminhoes-para-mobilidade-inteligente-e-seguranca-no-transito" target="_blank" rel="noopener">parceria entre Volkswagen Caminhões e Ônibus, EyeFlow e CESAR</a> mostra como a cocriação pode resolver desafios complexos da mobilidade inteligente. O projeto, apoiado pela Embrapii, desenvolveu interfaces e plataformas para caminhões autônomos e elétricos, priorizando segurança e comunicação com o ambiente urbano.</p>
<p>Do benchmarking internacional à prototipagem conceitual, passando pelo uso de inteligência artificial, o CESAR contribuiu em todas as etapas do processo. O resultado foi um projeto inovador que já avança e consolida o CESAR como uma parceria de referência em design de serviços e tecnologia para mobilidade inteligente.</p>
<h2>O papel do CESAR como parceiro estratégico na transformação da mobilidade</h2>
<p>Com mais de 28 anos de atuação, <strong>o CESAR conecta veículos, pessoas e infraestrutura por meio de soluções</strong> que unem pesquisa, desenvolvimento, design e implementação. Atuamos em toda a jornada da inovação, apoiando empresas que desejam transformar seus projetos de mobilidade com foco em ESG, descarbonização e tecnologia de ponta.</p>
<h3>O futuro da mobilidade já começou. Se a sua empresa busca um parceiro para acelerar essa transformação, fale com um de nossos consultores e descubra como o CESAR pode ajudar. <a href="https://materiais.cesar.org.br/mobilidade" target="_blank" rel="noopener">Conheça mais sobre nossa atuação, cases e portfólio de clientes!</a></h3>
<hr />
<h2>Referências</h2>
<ul>
<li>ABVE – Associação Brasileira do Veículo Elétrico. 2023 supera todas as previsões: 94 mil eletrificados. 2024. Disponível em: https://abve.org.br/2023-supera-todas-as-previsoes-94-mil-eletrificados/. Acesso em: 16 set. 2025.</li>
<li>INSIDEEVS. Brasil já conta com 10.622 pontos de recarga para veículos elétricos. 2024. Disponível em: https://insideevs.uol.com.br/news/732864/brasil-pontos-recarga-veiculos-eletricos/. Acesso em: 16 set. 2025.</li>
</ul>
