{"id":3998,"date":"2024-08-20T15:42:50","date_gmt":"2024-08-20T15:42:50","guid":{"rendered":"https:\/\/www.cesar.org.br\/painel\/?post_type=insight&#038;p=3998"},"modified":"2026-03-19T15:47:32","modified_gmt":"2026-03-19T18:47:32","slug":"como-o-fia-pode-transformar-projetos-educacionais-digitais","status":"publish","type":"insight","link":"https:\/\/www.cesar.org.br\/painel\/insight\/como-o-fia-pode-transformar-projetos-educacionais-digitais\/","title":{"rendered":"Como o FIA pode transformar projetos educacionais digitais?"},"content":{"rendered":"<p data-pm-slice=\"1 1 []\">O Fundo para a Inf\u00e2ncia e Adolesc\u00eancia (FIA) \u00e9 um instrumento financeiro criado para apoiar projetos que visam o desenvolvimento integral de crian\u00e7as e adolescentes no Brasil e \u00e9 regulamentado pela<a href=\"https:\/\/www.planalto.gov.br\/ccivil_03\/leis\/l8069.htm#:~:text=LEI%20N%C2%BA%208.069%2C%20DE%2013%20DE%20JULHO%20DE%201990.&amp;text=Disp%C3%B5e%20sobre%20o%20Estatuto%20da,Adolescente%20e%20d%C3%A1%20outras%20provid%C3%AAncias.&amp;text=Art.%201%C2%BA%20Esta%20Lei%20disp%C3%B5e,%C3%A0%20crian%C3%A7a%20e%20ao%20adolescente.\" target=\"_blank\" rel=\"nofollow noopener\"> Lei Federal 8.069\/90<\/a>.<\/p>\n<p>Esse fundo \u00e9 alimentado por doa\u00e7\u00f5es de pessoas f\u00edsicas e jur\u00eddicas que podem <strong>destinar parte do seu imposto de renda para contribuir com iniciativas <\/strong>que promovem direitos b\u00e1sicos, como educa\u00e7\u00e3o, sa\u00fade, cultura e inclus\u00e3o social. Ainda, tamb\u00e9m s\u00e3o subsidiados por outros tipos de incentivos e doa\u00e7\u00f5es.<\/p>\n<p>O FIA \u00e9 uma ferramenta estrat\u00e9gica para transformar realidades e reduzir desigualdades. A inf\u00e2ncia e a adolesc\u00eancia s\u00e3o fases cruciais para o desenvolvimento humano, e o acesso \u00e0 educa\u00e7\u00e3o de qualidade \u00e9 um dos principais fatores que podem garantir um futuro promissor para essa popula\u00e7\u00e3o.<\/p>\n<p>Em um mundo cada vez mais digital, investir em uma educa\u00e7\u00e3o que promova a inclus\u00e3o digital e socioecon\u00f4mica \u00e9 essencial para preparar as novas gera\u00e7\u00f5es para os desafios do futuro. Para entender mais sobre como o FIA pode trazer mais inclus\u00e3o digital, continue a leitura.<\/p>\n<h2>Contexto e necessidade do FIA para projetos educacionais<\/h2>\n<p>O cen\u00e1rio educacional no Brasil ainda enfrenta muitos desafios. A<strong> falta de recursos, a infraestrutura inadequada e a car\u00eancia de acesso \u00e0 tecnologia<\/strong> s\u00e3o alguns dos obst\u00e1culos que comprometem a qualidade da educa\u00e7\u00e3o oferecida a milh\u00f5es de crian\u00e7as e adolescentes, especialmente nas \u00e1reas mais vulner\u00e1veis.<\/p>\n<p>De acordo com<a href=\"https:\/\/agenciabrasil.ebc.com.br\/educacao\/noticia\/2020-05\/brasil-tem-48-milhoes-de-criancas-e-adolescentes-sem-internet-em-casa\" target=\"_blank\" rel=\"nofollow noopener\"> dados do Instituto Brasileiro de Geografia e Estat\u00edstica (IBGE)<\/a>, cerca de 4,8 milh\u00f5es de crian\u00e7as e adolescentes no Brasil n\u00e3o t\u00eam acesso \u00e0 internet em suas casas, o que representa uma barreira significativa para a inclus\u00e3o digital.<\/p>\n<p>Aqui, vale a pena ressaltar que os recursos alocados ao FIA s\u00e3o exclusivamente destinados a <strong>iniciativas voltadas para a prote\u00e7\u00e3o e a promo\u00e7\u00e3o dos direitos de crian\u00e7as e de adolescentes<\/strong> em situa\u00e7\u00e3o de vulnerabilidade social.<\/p>\n<p>Esses recursos podem ser aplicados em projetos que visem a erradica\u00e7\u00e3o do trabalho infantil, na qualifica\u00e7\u00e3o profissional de jovens bem como em programas de orienta\u00e7\u00e3o e apoio s\u00f3cio-familiar. Al\u00e9m disso, o fundo apoia o custeio das atividades do Conselho Tutelar e a forma\u00e7\u00e3o cont\u00ednua dos conselheiros, assegurando a efic\u00e1cia e a qualidade do atendimento prestado.<\/p>\n<h2>O papel das funda\u00e7\u00f5es e dos institutos para os projetos educacionais<\/h2>\n<p><a href=\"https:\/\/materiais.cesar.org.br\/ebook-educacao-digital\"><img loading=\"lazy\" decoding=\"async\" class=\"alignright wp-image-4002 \" src=\"https:\/\/www.cesar.org.br\/painel\/wp-content\/uploads\/2024\/08\/Mockup-CAPA-221x300.png\" alt=\"Projetos Educacionais\" width=\"263\" height=\"357\" srcset=\"https:\/\/www.cesar.org.br\/painel\/wp-content\/uploads\/2024\/08\/Mockup-CAPA-221x300.png 221w, https:\/\/www.cesar.org.br\/painel\/wp-content\/uploads\/2024\/08\/Mockup-CAPA-754x1024.png 754w, https:\/\/www.cesar.org.br\/painel\/wp-content\/uploads\/2024\/08\/Mockup-CAPA-768x1044.png 768w, https:\/\/www.cesar.org.br\/painel\/wp-content\/uploads\/2024\/08\/Mockup-CAPA-1130x1536.png 1130w, https:\/\/www.cesar.org.br\/painel\/wp-content\/uploads\/2024\/08\/Mockup-CAPA.png 1137w\" sizes=\"auto, (max-width: 263px) 100vw, 263px\" \/><\/a><\/p>\n<p>Funda\u00e7\u00f5es e institutos t\u00eam um papel central no desenvolvimento e na implementa\u00e7\u00e3o de projetos educacionais financiados pelo FIA. Essas organiza\u00e7\u00f5es, muitas vezes ligadas a grandes empresas ou \u00e0 filantropia individual, s\u00e3o respons\u00e1veis por idealizar, planejar e executar iniciativas que possam realmente transformar a vida de crian\u00e7as e de adolescentes.<\/p>\n<p>Ao utilizar os recursos do FIA, essas organiza\u00e7\u00f5es podem criar programas que<a href=\"https:\/\/www.cesar.org.br\/w\/integracao-de-ti-na-educacao-preparando-pessoas-para-o-futuro-do-trabalho\" target=\"_blank\" rel=\"noopener\"> integram tecnologia e educa\u00e7\u00e3o<\/a>, como a oferta de cursos de programa\u00e7\u00e3o, rob\u00f3tica, prepara\u00e7\u00e3o digital e, at\u00e9 mesmo, dar acesso a equipamentos como computadores e tablets para a\u00e7\u00f5es com jovens. Al\u00e9m disso, podem atuar em \u00e1reas como a forma\u00e7\u00e3o continuada de professores, garantindo que os educadores estejam preparados para utilizar as novas tecnologias em sala de aula. A<strong> educa\u00e7\u00e3o inovadora<\/strong> assume um papel fundamental nesse cen\u00e1rio, desenvolvendo compet\u00eancias digitais e promovendo a democratiza\u00e7\u00e3o do acesso \u00e0s <strong>ferramentas tecnol\u00f3gicas e a autonomia. <\/strong><\/p>\n<h4>No nosso eBook, voc\u00ea vai compreender em mais detalhes o papel de institui\u00e7\u00f5es e funda\u00e7\u00f5es na promo\u00e7\u00e3o de <strong>inclus\u00e3o sociodigital e impacto positivo por meio da educa\u00e7\u00e3o. <a href=\"https:\/\/materiais.cesar.org.br\/ebook-educacao-digital\">Clique aqui para baixar gratuitamente.<\/a><\/strong><strong><br \/>\n<\/strong><\/h4>\n<h2>Quais s\u00e3o as diretrizes para o uso efetivo do FIA?<\/h2>\n<p>Para que os recursos do FIA sejam utilizados de maneira eficaz e gerem o maior impacto poss\u00edvel, as<strong> organiza\u00e7\u00f5es devem j\u00e1 ser vinculadas e trabalhar com a \u00e1rea da crian\u00e7a e do adolescente<\/strong>, como institui\u00e7\u00f5es governamentais e ONGs. Com isso, elas devem seguir algumas diretrizes para terem acesso aos incentivos. Confira mais a seguir:<\/p>\n<h3>1. Planejamento estruturado<\/h3>\n<p>O primeiro passo \u00e9 a elabora\u00e7\u00e3o de um projeto bem detalhado, com objetivos claros e metas mensur\u00e1veis. Ele deve demonstrar como a aplica\u00e7\u00e3o dos recursos contribuir\u00e1 para a melhoria das condi\u00e7\u00f5es educacionais das crian\u00e7as e dos adolescentes atendidos.<\/p>\n<h3>2. Parcerias estrat\u00e9gicas<\/h3>\n<p>Estabele\u00e7a<a href=\"https:\/\/www.cesar.org.br\/w\/parcerias-estrategicas-na-educacao-digital-como-institutos-podem-se-beneficiar\" target=\"_blank\" rel=\"noopener\"> parcerias estrat\u00e9gicas<\/a> com organiza\u00e7\u00f5es que possuam expertise em educa\u00e7\u00e3o e tecnologia e detalhe como a uni\u00e3o pode maximizar os resultados dos projetos.<\/p>\n<h3>3. Transpar\u00eancia e presta\u00e7\u00e3o de contas<\/h3>\n<p>\u00c9 fundamental que as organiza\u00e7\u00f5es que recebem recursos do FIA sejam transparentes na gest\u00e3o dos fundos e prestem contas regularmente sobre o andamento dos projetos. Isso n\u00e3o apenas garante a correta aplica\u00e7\u00e3o dos recursos, mas tamb\u00e9m fortalece a confian\u00e7a de doadores e da sociedade.<\/p>\n<p><img loading=\"lazy\" decoding=\"async\" class=\"aligncenter wp-image-4000 size-large\" src=\"https:\/\/www.cesar.org.br\/painel\/wp-content\/uploads\/2024\/08\/image4-1024x683.jpg\" alt=\"Fundo da Inf\u00e2ncia e Adolesc\u00eancia\" width=\"1024\" height=\"683\" srcset=\"https:\/\/www.cesar.org.br\/painel\/wp-content\/uploads\/2024\/08\/image4-1024x683.jpg 1024w, https:\/\/www.cesar.org.br\/painel\/wp-content\/uploads\/2024\/08\/image4-300x200.jpg 300w, https:\/\/www.cesar.org.br\/painel\/wp-content\/uploads\/2024\/08\/image4-768x512.jpg 768w, https:\/\/www.cesar.org.br\/painel\/wp-content\/uploads\/2024\/08\/image4-1536x1024.jpg 1536w, https:\/\/www.cesar.org.br\/painel\/wp-content\/uploads\/2024\/08\/image4.jpg 1999w\" sizes=\"auto, (max-width: 1024px) 100vw, 1024px\" \/><\/p>\n<h3>4. Foco no impacto social<\/h3>\n<p>Os projetos devem ser orientados para gerar impacto social duradouro. Isso significa n\u00e3o apenas oferecer solu\u00e7\u00f5es pontuais, mas <strong>desenvolver iniciativas que possam ser escal\u00e1veis e replic\u00e1veis <\/strong>em outras regi\u00f5es e contextos.<\/p>\n<p>Dessa maneira, o FIA \u00e9 uma oportunidade \u00fanica para transformar a realidade de milh\u00f5es de crian\u00e7as e adolescentes no Brasil, especialmente nas \u00e1reas da educa\u00e7\u00e3o e da inclus\u00e3o digital. Ainda, \u00e9 essencial que mais organiza\u00e7\u00f5es, funda\u00e7\u00f5es e institutos se engajem nessa causa, utilizando os recursos do FIA para desenvolver projetos que realmente fa\u00e7am a diferen\u00e7a.<\/p>\n<p>Com o apoio de parceiros como o CESAR, que traz experi\u00eancia em inova\u00e7\u00e3o e tecnologia, \u00e9 poss\u00edvel criar solu\u00e7\u00f5es educacionais de alto impacto que preparem nossas crian\u00e7as e adolescentes para um futuro mais inclusivo e digitalmente conectado.<\/p>\n<p>A participa\u00e7\u00e3o ativa de mais institui\u00e7\u00f5es pode ampliar ainda mais os benef\u00edcios do FIA, garantindo que cada vez mais jovens tenham acesso a uma educa\u00e7\u00e3o de qualidade e \u00e0s ferramentas necess\u00e1rias para construir um futuro melhor. O CESAR, por exemplo, pode <strong>fornecer suporte t\u00e9cnico e aux\u00edlio para desenvolver solu\u00e7\u00f5es educacionais<\/strong> inovadoras, como plataformas de ensino a dist\u00e2ncia, aplicativos educativos e outras ferramentas tecnol\u00f3gicas.<\/p>\n<h4>Para que sua organiza\u00e7\u00e3o possa desenvolver projetos educacionais inovadores e aproveitar ao m\u00e1ximo os recursos do FIA,<a href=\"https:\/\/materiais.cesar.org.br\/faleconsultor\" target=\"_blank\" rel=\"noopener\"> entre em contato com os profissionais do CESAR<\/a>. Nosso time tem a expertise para planejar e implementar solu\u00e7\u00f5es para garantir o sucesso de suas iniciativas. Transforme o futuro de crian\u00e7as e adolescentes com o apoio de especialistas em inova\u00e7\u00e3o!<\/h4>\n<p>Fonte:<br \/>\nBRASIL. <strong>Lei n\u00ba 8.069, de 13 de julho de 1990<\/strong>. Disp\u00f5e sobre o Estatuto da Crian\u00e7a e do Adolescente e d\u00e1 outras provid\u00eancias. Bras\u00edlia, DF: Presid\u00eancia da Rep\u00fablica, [2024].<\/p>\n","protected":false},"featured_media":3999,"template":"","categories":[600],"tags":[418,414],"formato_insights":[16],"class_list":["post-3998","insight","type-insight","status-publish","has-post-thumbnail","hentry","category-fundacoes-e-institutos","tag-educacao-digital","tag-inclusao-digital","formato_insights-artigo"],"acf":[],"_links":{"self":[{"href":"https:\/\/www.cesar.org.br\/painel\/wp-json\/wp\/v2\/insight\/3998","targetHints":{"allow":["GET"]}}],"collection":[{"href":"https:\/\/www.cesar.org.br\/painel\/wp-json\/wp\/v2\/insight"}],"about":[{"href":"https:\/\/www.cesar.org.br\/painel\/wp-json\/wp\/v2\/types\/insight"}],"wp:featuredmedia":[{"embeddable":true,"href":"https:\/\/www.cesar.org.br\/painel\/wp-json\/wp\/v2\/media\/3999"}],"wp:attachment":[{"href":"https:\/\/www.cesar.org.br\/painel\/wp-json\/wp\/v2\/media?parent=3998"}],"wp:term":[{"taxonomy":"category","embeddable":true,"href":"https:\/\/www.cesar.org.br\/painel\/wp-json\/wp\/v2\/categories?post=3998"},{"taxonomy":"post_tag","embeddable":true,"href":"https:\/\/www.cesar.org.br\/painel\/wp-json\/wp\/v2\/tags?post=3998"},{"taxonomy":"formato_insights","embeddable":true,"href":"https:\/\/www.cesar.org.br\/painel\/wp-json\/wp\/v2\/formato_insights?post=3998"}],"curies":[{"name":"wp","href":"https:\/\/api.w.org\/{rel}","templated":true}]}}

<p data-pm-slice="1 1 []">O Fundo para a Infância e Adolescência (FIA) é um instrumento financeiro criado para apoiar projetos que visam o desenvolvimento integral de crianças e adolescentes no Brasil e é regulamentado pela<a href="https://www.planalto.gov.br/ccivil_03/leis/l8069.htm#:~:text=LEI%20N%C2%BA%208.069%2C%20DE%2013%20DE%20JULHO%20DE%201990.&amp;text=Disp%C3%B5e%20sobre%20o%20Estatuto%20da,Adolescente%20e%20d%C3%A1%20outras%20provid%C3%AAncias.&amp;text=Art.%201%C2%BA%20Esta%20Lei%20disp%C3%B5e,%C3%A0%20crian%C3%A7a%20e%20ao%20adolescente." target="_blank" rel="nofollow noopener"> Lei Federal 8.069/90</a>.</p>
<p>Esse fundo é alimentado por doações de pessoas físicas e jurídicas que podem <strong>destinar parte do seu imposto de renda para contribuir com iniciativas </strong>que promovem direitos básicos, como educação, saúde, cultura e inclusão social. Ainda, também são subsidiados por outros tipos de incentivos e doações.</p>
<p>O FIA é uma ferramenta estratégica para transformar realidades e reduzir desigualdades. A infância e a adolescência são fases cruciais para o desenvolvimento humano, e o acesso à educação de qualidade é um dos principais fatores que podem garantir um futuro promissor para essa população.</p>
<p>Em um mundo cada vez mais digital, investir em uma educação que promova a inclusão digital e socioeconômica é essencial para preparar as novas gerações para os desafios do futuro. Para entender mais sobre como o FIA pode trazer mais inclusão digital, continue a leitura.</p>
<h2>Contexto e necessidade do FIA para projetos educacionais</h2>
<p>O cenário educacional no Brasil ainda enfrenta muitos desafios. A<strong> falta de recursos, a infraestrutura inadequada e a carência de acesso à tecnologia</strong> são alguns dos obstáculos que comprometem a qualidade da educação oferecida a milhões de crianças e adolescentes, especialmente nas áreas mais vulneráveis.</p>
<p>De acordo com<a href="https://agenciabrasil.ebc.com.br/educacao/noticia/2020-05/brasil-tem-48-milhoes-de-criancas-e-adolescentes-sem-internet-em-casa" target="_blank" rel="nofollow noopener"> dados do Instituto Brasileiro de Geografia e Estatística (IBGE)</a>, cerca de 4,8 milhões de crianças e adolescentes no Brasil não têm acesso à internet em suas casas, o que representa uma barreira significativa para a inclusão digital.</p>
<p>Aqui, vale a pena ressaltar que os recursos alocados ao FIA são exclusivamente destinados a <strong>iniciativas voltadas para a proteção e a promoção dos direitos de crianças e de adolescentes</strong> em situação de vulnerabilidade social.</p>
<p>Esses recursos podem ser aplicados em projetos que visem a erradicação do trabalho infantil, na qualificação profissional de jovens bem como em programas de orientação e apoio sócio-familiar. Além disso, o fundo apoia o custeio das atividades do Conselho Tutelar e a formação contínua dos conselheiros, assegurando a eficácia e a qualidade do atendimento prestado.</p>
<h2>O papel das fundações e dos institutos para os projetos educacionais</h2>
<p><a href="https://materiais.cesar.org.br/ebook-educacao-digital"><img loading="lazy" decoding="async" class="alignright wp-image-4002 " src="https://www.cesar.org.br/painel/wp-content/uploads/2024/08/Mockup-CAPA-221x300.png" alt="Projetos Educacionais" width="263" height="357" srcset="https://www.cesar.org.br/painel/wp-content/uploads/2024/08/Mockup-CAPA-221x300.png 221w, https://www.cesar.org.br/painel/wp-content/uploads/2024/08/Mockup-CAPA-754x1024.png 754w, https://www.cesar.org.br/painel/wp-content/uploads/2024/08/Mockup-CAPA-768x1044.png 768w, https://www.cesar.org.br/painel/wp-content/uploads/2024/08/Mockup-CAPA-1130x1536.png 1130w, https://www.cesar.org.br/painel/wp-content/uploads/2024/08/Mockup-CAPA.png 1137w" sizes="auto, (max-width: 263px) 100vw, 263px" /></a></p>
<p>Fundações e institutos têm um papel central no desenvolvimento e na implementação de projetos educacionais financiados pelo FIA. Essas organizações, muitas vezes ligadas a grandes empresas ou à filantropia individual, são responsáveis por idealizar, planejar e executar iniciativas que possam realmente transformar a vida de crianças e de adolescentes.</p>
<p>Ao utilizar os recursos do FIA, essas organizações podem criar programas que<a href="https://www.cesar.org.br/w/integracao-de-ti-na-educacao-preparando-pessoas-para-o-futuro-do-trabalho" target="_blank" rel="noopener"> integram tecnologia e educação</a>, como a oferta de cursos de programação, robótica, preparação digital e, até mesmo, dar acesso a equipamentos como computadores e tablets para ações com jovens. Além disso, podem atuar em áreas como a formação continuada de professores, garantindo que os educadores estejam preparados para utilizar as novas tecnologias em sala de aula. A<strong> educação inovadora</strong> assume um papel fundamental nesse cenário, desenvolvendo competências digitais e promovendo a democratização do acesso às <strong>ferramentas tecnológicas e a autonomia. </strong></p>
<h4>No nosso eBook, você vai compreender em mais detalhes o papel de instituições e fundações na promoção de <strong>inclusão sociodigital e impacto positivo por meio da educação. <a href="https://materiais.cesar.org.br/ebook-educacao-digital">Clique aqui para baixar gratuitamente.</a></strong><strong><br />
</strong></h4>
<h2>Quais são as diretrizes para o uso efetivo do FIA?</h2>
<p>Para que os recursos do FIA sejam utilizados de maneira eficaz e gerem o maior impacto possível, as<strong> organizações devem já ser vinculadas e trabalhar com a área da criança e do adolescente</strong>, como instituições governamentais e ONGs. Com isso, elas devem seguir algumas diretrizes para terem acesso aos incentivos. Confira mais a seguir:</p>
<h3>1. Planejamento estruturado</h3>
<p>O primeiro passo é a elaboração de um projeto bem detalhado, com objetivos claros e metas mensuráveis. Ele deve demonstrar como a aplicação dos recursos contribuirá para a melhoria das condições educacionais das crianças e dos adolescentes atendidos.</p>
<h3>2. Parcerias estratégicas</h3>
<p>Estabeleça<a href="https://www.cesar.org.br/w/parcerias-estrategicas-na-educacao-digital-como-institutos-podem-se-beneficiar" target="_blank" rel="noopener"> parcerias estratégicas</a> com organizações que possuam expertise em educação e tecnologia e detalhe como a união pode maximizar os resultados dos projetos.</p>
<h3>3. Transparência e prestação de contas</h3>
<p>É fundamental que as organizações que recebem recursos do FIA sejam transparentes na gestão dos fundos e prestem contas regularmente sobre o andamento dos projetos. Isso não apenas garante a correta aplicação dos recursos, mas também fortalece a confiança de doadores e da sociedade.</p>
<p><img loading="lazy" decoding="async" class="aligncenter wp-image-4000 size-large" src="https://www.cesar.org.br/painel/wp-content/uploads/2024/08/image4-1024x683.jpg" alt="Fundo da Infância e Adolescência" width="1024" height="683" srcset="https://www.cesar.org.br/painel/wp-content/uploads/2024/08/image4-1024x683.jpg 1024w, https://www.cesar.org.br/painel/wp-content/uploads/2024/08/image4-300x200.jpg 300w, https://www.cesar.org.br/painel/wp-content/uploads/2024/08/image4-768x512.jpg 768w, https://www.cesar.org.br/painel/wp-content/uploads/2024/08/image4-1536x1024.jpg 1536w, https://www.cesar.org.br/painel/wp-content/uploads/2024/08/image4.jpg 1999w" sizes="auto, (max-width: 1024px) 100vw, 1024px" /></p>
<h3>4. Foco no impacto social</h3>
<p>Os projetos devem ser orientados para gerar impacto social duradouro. Isso significa não apenas oferecer soluções pontuais, mas <strong>desenvolver iniciativas que possam ser escaláveis e replicáveis </strong>em outras regiões e contextos.</p>
<p>Dessa maneira, o FIA é uma oportunidade única para transformar a realidade de milhões de crianças e adolescentes no Brasil, especialmente nas áreas da educação e da inclusão digital. Ainda, é essencial que mais organizações, fundações e institutos se engajem nessa causa, utilizando os recursos do FIA para desenvolver projetos que realmente façam a diferença.</p>
<p>Com o apoio de parceiros como o CESAR, que traz experiência em inovação e tecnologia, é possível criar soluções educacionais de alto impacto que preparem nossas crianças e adolescentes para um futuro mais inclusivo e digitalmente conectado.</p>
<p>A participação ativa de mais instituições pode ampliar ainda mais os benefícios do FIA, garantindo que cada vez mais jovens tenham acesso a uma educação de qualidade e às ferramentas necessárias para construir um futuro melhor. O CESAR, por exemplo, pode <strong>fornecer suporte técnico e auxílio para desenvolver soluções educacionais</strong> inovadoras, como plataformas de ensino a distância, aplicativos educativos e outras ferramentas tecnológicas.</p>
<h4>Para que sua organização possa desenvolver projetos educacionais inovadores e aproveitar ao máximo os recursos do FIA,<a href="https://materiais.cesar.org.br/faleconsultor" target="_blank" rel="noopener"> entre em contato com os profissionais do CESAR</a>. Nosso time tem a expertise para planejar e implementar soluções para garantir o sucesso de suas iniciativas. Transforme o futuro de crianças e adolescentes com o apoio de especialistas em inovação!</h4>
<p>Fonte:<br />
BRASIL. <strong>Lei nº 8.069, de 13 de julho de 1990</strong>. Dispõe sobre o Estatuto da Criança e do Adolescente e dá outras providências. Brasília, DF: Presidência da República, [2024].</p>
