{"id":3269,"date":"2024-05-09T14:43:21","date_gmt":"2024-05-09T14:43:21","guid":{"rendered":"https:\/\/www.cesar.org.br\/painel\/?post_type=insight&#038;p=3269"},"modified":"2024-08-07T14:49:40","modified_gmt":"2024-08-07T14:49:40","slug":"parcerias-estrategicas-na-educacao-digital-como-institutos-podem-se-beneficiar","status":"publish","type":"insight","link":"https:\/\/www.cesar.org.br\/painel\/insight\/parcerias-estrategicas-na-educacao-digital-como-institutos-podem-se-beneficiar\/","title":{"rendered":"Parcerias estrat\u00e9gicas na educa\u00e7\u00e3o digital: como Institutos podem se beneficiar"},"content":{"rendered":"<p data-pm-slice=\"1 1 []\">\u00c9 not\u00f3rio que a educa\u00e7\u00e3o tem passado por uma significativa transforma\u00e7\u00e3o digital, impulsionada pela r\u00e1pida evolu\u00e7\u00e3o tecnol\u00f3gica e pela necessidade de preparar os estudantes para um mundo cada vez mais digitalizado. Assim, a integra\u00e7\u00e3o que uma escola precisa para fornecer aulas virtuais, com v\u00eddeos e mat\u00e9rias completos e de f\u00e1cil acesso, se inclui nesse momento de preparo.<\/p>\n<p>Nesse contexto, a busca por parcerias e estrat\u00e9gias educacionais que priorizam a inova\u00e7\u00e3o tornou-se uma prioridade para as escolas. Afinal, a<strong> integra\u00e7\u00e3o de ferramentas e recursos digitais no ambiente educacional<\/strong> tem se mostrado n\u00e3o apenas uma necessidade, mas tamb\u00e9m uma oportunidade para promover uma aprendizagem mais din\u00e2mica, colaborativa e adapt\u00e1vel \u00e0s demandas contempor\u00e2neas.<\/p>\n<p>Com isso em vista, trouxemos a import\u00e2ncia dessas parcerias e estrat\u00e9gias educacionais centradas na inova\u00e7\u00e3o, como meios de potencializar a qualidade e relev\u00e2ncia da educa\u00e7\u00e3o. Continue conosco e obtenha insights valiosos sobre o tema.<\/p>\n<h2>Cen\u00e1rio atual da \u00e1rea da educa\u00e7\u00e3o e o meio digital<\/h2>\n<p>No Brasil, o panorama atual enfrenta desafios consider\u00e1veis, reflexo da complexidade e das discrep\u00e2ncias presentes no pa\u00eds. Uma das quest\u00f5es primordiais \u00e9 a desigualdade no acesso \u00e0 educa\u00e7\u00e3o de qualidade e da familiaridade com o meio digital.<\/p>\n<p>Apesar dos progressos registrados nas \u00faltimas d\u00e9cadas, como mais pessoas tendo acesso \u00e0 educa\u00e7\u00e3o e a escolas, ainda persistem marcantes discrep\u00e2ncias regionais e socioecon\u00f4micas que afetam diretamente o setor educacional. Enquanto algumas \u00e1reas desfrutam de infraestrutura adequada, docentes bem preparados e recursos dispon\u00edveis, outras enfrentam faltas significativas.<\/p>\n<p>Por exemplo, em 2022, segundo<a href=\"https:\/\/cetic.br\/pt\/pesquisa\/educacao\/indicadores\/\" target=\"_blank\" rel=\"noopener\"> dados da pesquisa TIC Educa\u00e7\u00e3o<\/a>, somente 14% das escolas p\u00fablicas usavam plataformas virtuais, em compara\u00e7\u00e3o com 64% das escolas privadas, destacando uma disparidade significativa entre os sistemas.<\/p>\n<p>Outro fator atual relevante \u00e9 sobre o ensino remoto. O Ensino \u00e0 Dist\u00e2ncia (EaD) surgiu e cresceu como uma alternativa, por\u00e9m evidenciou a disparidade digital. Os indicadores de desempenho educacional ainda s\u00e3o alarmantes no pa\u00eds, <strong>destacando a urg\u00eancia de investimentos e medidas eficazes para aprimorar essa realidade<\/strong>.<\/p>\n<p>Al\u00e9m de faltar investimentos, tamb\u00e9m evidenciamos a falta de preparo de alguns professores com o manuseio de ferramentas digitais. Ainda com a pesquisa da TIC Educa\u00e7\u00e3o, ainda em 2019, destacou-se a escassa prepara\u00e7\u00e3o dos professores em tecnologia digital, com apenas 33% recebendo forma\u00e7\u00e3o para utilizar computadores e internet em atividades escolares.<\/p>\n<h2>Import\u00e2ncia das parcerias estrat\u00e9gicas para o avan\u00e7o da educa\u00e7\u00e3o<\/h2>\n<p>As parcerias estrat\u00e9gicas com institui\u00e7\u00f5es especializadas podem resultar no desenvolvimento de projetos personalizados para determinado p\u00fablico e objetivo. Assim, desempenha um papel crucial no avan\u00e7o da educa\u00e7\u00e3o e oferece benef\u00edcios essenciais para escolas e educadores.<\/p>\n<p>Os projetos educacionais podem ser adaptados \u00e0s necessidades espec\u00edficas de cada ambiente escolar, turma ou aluno. Essa personaliza\u00e7\u00e3o \u00e9 fundamental para atender \u00e0s diferentes habilidades, estilos de aprendizagem e interesses dos estudantes, promovendo uma educa\u00e7\u00e3o mais inclusiva e eficaz.<\/p>\n<p>Outro ponto importante \u00e9 a introdu\u00e7\u00e3o de inova\u00e7\u00e3o e tecnologia no \u00e2mbito educacional. Como a integra\u00e7\u00e3o de tecnologias de ponta, de dispositivos digitais, aplicativos educacionais e plataformas de aprendizagem online,<strong> enriquecendo a experi\u00eancia de ensino e aprendizagem<\/strong>.<\/p>\n<p><a href=\"https:\/\/www.cesar.org.br\/w\/pbl-a-parceria-entre-escola-empresa-e-aluno-na-solucao-de-desafios-reais-desde-o-primeiro-dia-de-aula\" target=\"_blank\" rel=\"noopener\">Confira tamb\u00e9m sobre a PBL<\/a>: a parceria entre escola, empresa e aluno na solu\u00e7\u00e3o de desafios reais desde o primeiro dia de aula.<\/p>\n<h2>3 meios que os Institutos podem se beneficiar com projetos inovadores<\/h2>\n<p>As colabora\u00e7\u00f5es para os Institutos oferecem oportunidades de desenvolvimento profissional para os educadores e m\u00e9todos do pr\u00f3prio local de ensino. Dessa maneira, com uma parceria estrat\u00e9gica, \u00e9 poss\u00edvel que o local de ensino consiga evoluir e desenvolver ferramentas, como:<\/p>\n<h3>1. Educa\u00e7\u00e3o digital<\/h3>\n<p>A educa\u00e7\u00e3o digital, engloba uma variedade de pr\u00e1ticas e tecnologias voltadas para o aprimoramento do processo de ensino e aprendizagem. Nesse contexto, o letramento digital emerge como uma habilidade fundamental, capacitando alunos e educadores a utilizar de forma cr\u00edtica e produtiva as ferramentas digitais dispon\u00edveis.<\/p>\n<p>Essas parcerias proporcionam acesso a recursos e conhecimentos especializados que s\u00e3o essenciais para o desenvolvimento e implementa\u00e7\u00e3o de iniciativas de educa\u00e7\u00e3o digital.<\/p>\n<p>Por exemplo, com essa parceria, \u00e9 poss\u00edvel <strong>desenvolver novos m\u00e9todos para trazer o conte\u00fado digital<\/strong>, analisar dados educacionais e ter integra\u00e7\u00e3o de tecnologias em todo o sistema. Tudo isso deve ser pensando em conjunto e elaborado para que o projeto tenha um aspecto inovador e se diferencie, enriquecendo significativamente os projetos educacionais.<\/p>\n<p><img loading=\"lazy\" decoding=\"async\" class=\"aligncenter wp-image-3402 size-large\" src=\"https:\/\/www.cesar.org.br\/painel\/wp-content\/uploads\/2024\/04\/image4-1-1024x683.jpg\" alt=\"Forma\u00e7\u00e3o Digital\" width=\"1024\" height=\"683\" srcset=\"https:\/\/www.cesar.org.br\/painel\/wp-content\/uploads\/2024\/04\/image4-1-1024x683.jpg 1024w, https:\/\/www.cesar.org.br\/painel\/wp-content\/uploads\/2024\/04\/image4-1-300x200.jpg 300w, https:\/\/www.cesar.org.br\/painel\/wp-content\/uploads\/2024\/04\/image4-1-768x512.jpg 768w, https:\/\/www.cesar.org.br\/painel\/wp-content\/uploads\/2024\/04\/image4-1-1536x1024.jpg 1536w, https:\/\/www.cesar.org.br\/painel\/wp-content\/uploads\/2024\/04\/image4-1.jpg 1999w\" sizes=\"auto, (max-width: 1024px) 100vw, 1024px\" \/><\/p>\n<h3>2. Letramento digital<\/h3>\n<p>As parcerias para projetos de letramento digital s\u00e3o essenciais para promover a alfabetiza\u00e7\u00e3o tecnol\u00f3gica entre os alunos. Essas colabora\u00e7\u00f5es oferecem acesso a:<\/p>\n<ul>\n<li>Recursos especializados;<\/li>\n<li>Integram o letramento digital no curr\u00edculo escolar;<\/li>\n<li>Reduzem disparidades de acesso e habilidades;<\/li>\n<li>Capacitam educadores;<\/li>\n<li>Promovem uma cultura de responsabilidade digital.<\/li>\n<\/ul>\n<p>Ao trabalhar em conjunto com educadores, as organiza\u00e7\u00f5es parceiras \u00e9 poss\u00edvel colaborar na<strong> cria\u00e7\u00e3o de atividades e projetos interdisciplinares que incorporem o uso de tecnologias digitais <\/strong>para promover a aprendizagem em diversas \u00e1reas, desde ci\u00eancias e matem\u00e1tica at\u00e9 artes e humanidades.<\/p>\n<p>Dessa maneira, o benef\u00edcio dessas parcerias \u00e9 a oportunidade de promover a inclus\u00e3o digital e reduzir as disparidades de acesso e habilidades tecnol\u00f3gicas entre os alunos.<\/p>\n<h3>3. Forma\u00e7\u00e3o para profiss\u00f5es do futuro<\/h3>\n<p>As colabora\u00e7\u00f5es tamb\u00e9m permitem a elabora\u00e7\u00e3o de forma\u00e7\u00f5es para o aprimoramento do futuro profissional. Profissionais que possuem um s\u00f3lido letramento digital s\u00e3o mais capazes de se adaptar a novas tecnologias e ambientes de trabalho, resolver problemas de forma criativa e tomar decis\u00f5es informadas em um contexto digital.<\/p>\n<h2>Quais s\u00e3o os ganhos que essas forma\u00e7\u00f5es trazem?<\/h2>\n<p>Ao capacitar os alunos com habilidades tecnol\u00f3gicas, compet\u00eancias digitais e habilidades socioemocionais necess\u00e1rias para prosperar em um ambiente de trabalho em constante evolu\u00e7\u00e3o, essas \u00e1reas da educa\u00e7\u00e3o <strong>garantem que os profissionais do futuro estejam bem preparados para enfrentar os desafios<\/strong> e aproveitar as oportunidades de um mundo cada vez mais digital.<\/p>\n<h2>Como o CESAR pode auxiliar a \u00e1rea da educa\u00e7\u00e3o em projetos?<\/h2>\n<p>O CESAR \u00e9 uma institui\u00e7\u00e3o reconhecida por sua expertise em inova\u00e7\u00e3o e tecnologia. Na \u00e1rea da educa\u00e7\u00e3o, desempenhamos um papel crucial em diversos projetos, principalmente na atua\u00e7\u00e3o para a educa\u00e7\u00e3o corporativa para empresas e forma\u00e7\u00e3o inovadora com foco em habilidades digitais para institutos e funda\u00e7\u00f5es.<\/p>\n<p>Por exemplo, <a href=\"https:\/\/www.cesar.org.br\/w\/educacao-corporativa-para-desenvolver-habilidades-e-conhecimentos-em-inovacao\" target=\"_blank\" rel=\"noopener\">BRK Ambiental identificou a necessidade de aprimorar o conhecimento<\/a> do seu time no meio on-line. Para isso, contataram o CESAR e, em conjunto, desenvolveram a &#8220;Jornada da Inova\u00e7\u00e3o&#8221;, um programa de Educa\u00e7\u00e3o Corporativa focado em design, cultura \u00e1gil e tecnologia.<\/p>\n<p>O programa, personalizado para a empresa, incluiu tr\u00eas trilhas espec\u00edficas e foi dividido em 10 m\u00f3dulos ao longo de 3 meses. Durante o curso, os profissionais conseguiram aprimorar seu conhecimento e <strong>ficaram mais atualizados sobre os processos tecnol\u00f3gicos<\/strong>. Dessa maneira, o projeto fortaleceu a estrat\u00e9gia de Educa\u00e7\u00e3o Corporativa e o desenvolvimento de talentos na organiza\u00e7\u00e3o.<\/p>\n<p>Um exemplo voltado para forma\u00e7\u00e3o e letramento digital foi a<a href=\"https:\/\/www.cesar.org.br\/w\/lagoa-de-itaenga-jovens-e-idosos-recebem-formacao-com-foco-em-carreira-e-inclusao-digital\" target=\"_blank\" rel=\"noopener\"> parceria com a Associa\u00e7\u00e3o Conex\u00e3o Social.<\/a> Essa iniciativa teve como prop\u00f3sito de inserir jovens e idosos do munic\u00edpio de Lagoa de Itaenga, na Zona da Mata pernambucana, no mapa digital. Para os adolescentes, o foco era apresentar possibilidades de carreira al\u00e9m das que eles visualizam nos exemplos da regi\u00e3o. J\u00e1 para os idosos, a inclus\u00e3o socioprodutiva ao emancip\u00e1-los atrav\u00e9s da tecnologia, ensinando-os a fazer coisas do cotidiano como pagar contas, entender sobre fake news e cidadania digital.<\/p>\n<p><img loading=\"lazy\" decoding=\"async\" class=\"aligncenter wp-image-3401 size-large\" src=\"https:\/\/www.cesar.org.br\/painel\/wp-content\/uploads\/2024\/04\/DSCF0769-2-1024x683.jpg\" alt=\"Letramento digital\" width=\"1024\" height=\"683\" srcset=\"https:\/\/www.cesar.org.br\/painel\/wp-content\/uploads\/2024\/04\/DSCF0769-2-1024x683.jpg 1024w, https:\/\/www.cesar.org.br\/painel\/wp-content\/uploads\/2024\/04\/DSCF0769-2-300x200.jpg 300w, https:\/\/www.cesar.org.br\/painel\/wp-content\/uploads\/2024\/04\/DSCF0769-2-768x512.jpg 768w, https:\/\/www.cesar.org.br\/painel\/wp-content\/uploads\/2024\/04\/DSCF0769-2-1536x1024.jpg 1536w, https:\/\/www.cesar.org.br\/painel\/wp-content\/uploads\/2024\/04\/DSCF0769-2-2048x1365.jpg 2048w\" sizes=\"auto, (max-width: 1024px) 100vw, 1024px\" \/><\/p>\n<p>Ao se unir ao CESAR, sua organiza\u00e7\u00e3o ter\u00e1 um parceiro estrat\u00e9gico para o desenho e execu\u00e7\u00e3o de projetos educacionais para projetos educacionais, auxiliando na identifica\u00e7\u00e3o de desafios, desenvolvimento de estrat\u00e9gias de implementa\u00e7\u00e3o de tecnologias digitais e avalia\u00e7\u00e3o do impacto das interven\u00e7\u00f5es educacionais.<\/p>\n<p>Al\u00e9m disso, tamb\u00e9m<strong> promovem programas de capacita\u00e7\u00e3o e treinamento para professores e educadores<\/strong>, capacitando-os no uso eficaz das tecnologias digitais em sala de aula e na aplica\u00e7\u00e3o de metodologias inovadoras de ensino.<\/p>\n<h3>Voc\u00ea est\u00e1 pronto para transformar a educa\u00e7\u00e3o por meio da inova\u00e7\u00e3o e tecnologia? O CESAR est\u00e1 aqui para ajudar! <a href=\"https:\/\/materiais.cesar.org.br\/faleconsultor\" target=\"_blank\" rel=\"noopener\">Entre em contato conosco<\/a> e descubra como as solu\u00e7\u00f5es personalizadas podem impulsionar o seu projeto educacional para o futuro. Ambos podem juntos criar uma experi\u00eancia de aprendizagem excepcional e preparar os alunos para os desafios da era digital.<\/h3>\n","protected":false},"featured_media":3403,"template":"","categories":[2],"tags":[418,419,420],"formato_insights":[16],"class_list":["post-3269","insight","type-insight","status-publish","has-post-thumbnail","hentry","category-educacao","tag-educacao-digital","tag-letramento-digital","tag-projetos-educacionais","formato_insights-artigo"],"acf":[],"_links":{"self":[{"href":"https:\/\/www.cesar.org.br\/painel\/wp-json\/wp\/v2\/insight\/3269","targetHints":{"allow":["GET"]}}],"collection":[{"href":"https:\/\/www.cesar.org.br\/painel\/wp-json\/wp\/v2\/insight"}],"about":[{"href":"https:\/\/www.cesar.org.br\/painel\/wp-json\/wp\/v2\/types\/insight"}],"wp:featuredmedia":[{"embeddable":true,"href":"https:\/\/www.cesar.org.br\/painel\/wp-json\/wp\/v2\/media\/3403"}],"wp:attachment":[{"href":"https:\/\/www.cesar.org.br\/painel\/wp-json\/wp\/v2\/media?parent=3269"}],"wp:term":[{"taxonomy":"category","embeddable":true,"href":"https:\/\/www.cesar.org.br\/painel\/wp-json\/wp\/v2\/categories?post=3269"},{"taxonomy":"post_tag","embeddable":true,"href":"https:\/\/www.cesar.org.br\/painel\/wp-json\/wp\/v2\/tags?post=3269"},{"taxonomy":"formato_insights","embeddable":true,"href":"https:\/\/www.cesar.org.br\/painel\/wp-json\/wp\/v2\/formato_insights?post=3269"}],"curies":[{"name":"wp","href":"https:\/\/api.w.org\/{rel}","templated":true}]}}

Parcerias estratégicas na educação digital: como Institutos podem se beneficiar

<p data-pm-slice="1 1 []">É notório que a educação tem passado por uma significativa transformação digital, impulsionada pela rápida evolução tecnológica e pela necessidade de preparar os estudantes para um mundo cada vez mais digitalizado. Assim, a integração que uma escola precisa para fornecer aulas virtuais, com vídeos e matérias completos e de fácil acesso, se inclui nesse momento de preparo.</p>
<p>Nesse contexto, a busca por parcerias e estratégias educacionais que priorizam a inovação tornou-se uma prioridade para as escolas. Afinal, a<strong> integração de ferramentas e recursos digitais no ambiente educacional</strong> tem se mostrado não apenas uma necessidade, mas também uma oportunidade para promover uma aprendizagem mais dinâmica, colaborativa e adaptável às demandas contemporâneas.</p>
<p>Com isso em vista, trouxemos a importância dessas parcerias e estratégias educacionais centradas na inovação, como meios de potencializar a qualidade e relevância da educação. Continue conosco e obtenha insights valiosos sobre o tema.</p>
<h2>Cenário atual da área da educação e o meio digital</h2>
<p>No Brasil, o panorama atual enfrenta desafios consideráveis, reflexo da complexidade e das discrepâncias presentes no país. Uma das questões primordiais é a desigualdade no acesso à educação de qualidade e da familiaridade com o meio digital.</p>
<p>Apesar dos progressos registrados nas últimas décadas, como mais pessoas tendo acesso à educação e a escolas, ainda persistem marcantes discrepâncias regionais e socioeconômicas que afetam diretamente o setor educacional. Enquanto algumas áreas desfrutam de infraestrutura adequada, docentes bem preparados e recursos disponíveis, outras enfrentam faltas significativas.</p>
<p>Por exemplo, em 2022, segundo<a href="https://cetic.br/pt/pesquisa/educacao/indicadores/" target="_blank" rel="noopener"> dados da pesquisa TIC Educação</a>, somente 14% das escolas públicas usavam plataformas virtuais, em comparação com 64% das escolas privadas, destacando uma disparidade significativa entre os sistemas.</p>
<p>Outro fator atual relevante é sobre o ensino remoto. O Ensino à Distância (EaD) surgiu e cresceu como uma alternativa, porém evidenciou a disparidade digital. Os indicadores de desempenho educacional ainda são alarmantes no país, <strong>destacando a urgência de investimentos e medidas eficazes para aprimorar essa realidade</strong>.</p>
<p>Além de faltar investimentos, também evidenciamos a falta de preparo de alguns professores com o manuseio de ferramentas digitais. Ainda com a pesquisa da TIC Educação, ainda em 2019, destacou-se a escassa preparação dos professores em tecnologia digital, com apenas 33% recebendo formação para utilizar computadores e internet em atividades escolares.</p>
<h2>Importância das parcerias estratégicas para o avanço da educação</h2>
<p>As parcerias estratégicas com instituições especializadas podem resultar no desenvolvimento de projetos personalizados para determinado público e objetivo. Assim, desempenha um papel crucial no avanço da educação e oferece benefícios essenciais para escolas e educadores.</p>
<p>Os projetos educacionais podem ser adaptados às necessidades específicas de cada ambiente escolar, turma ou aluno. Essa personalização é fundamental para atender às diferentes habilidades, estilos de aprendizagem e interesses dos estudantes, promovendo uma educação mais inclusiva e eficaz.</p>
<p>Outro ponto importante é a introdução de inovação e tecnologia no âmbito educacional. Como a integração de tecnologias de ponta, de dispositivos digitais, aplicativos educacionais e plataformas de aprendizagem online,<strong> enriquecendo a experiência de ensino e aprendizagem</strong>.</p>
<p><a href="https://www.cesar.org.br/w/pbl-a-parceria-entre-escola-empresa-e-aluno-na-solucao-de-desafios-reais-desde-o-primeiro-dia-de-aula" target="_blank" rel="noopener">Confira também sobre a PBL</a>: a parceria entre escola, empresa e aluno na solução de desafios reais desde o primeiro dia de aula.</p>
<h2>3 meios que os Institutos podem se beneficiar com projetos inovadores</h2>
<p>As colaborações para os Institutos oferecem oportunidades de desenvolvimento profissional para os educadores e métodos do próprio local de ensino. Dessa maneira, com uma parceria estratégica, é possível que o local de ensino consiga evoluir e desenvolver ferramentas, como:</p>
<h3>1. Educação digital</h3>
<p>A educação digital, engloba uma variedade de práticas e tecnologias voltadas para o aprimoramento do processo de ensino e aprendizagem. Nesse contexto, o letramento digital emerge como uma habilidade fundamental, capacitando alunos e educadores a utilizar de forma crítica e produtiva as ferramentas digitais disponíveis.</p>
<p>Essas parcerias proporcionam acesso a recursos e conhecimentos especializados que são essenciais para o desenvolvimento e implementação de iniciativas de educação digital.</p>
<p>Por exemplo, com essa parceria, é possível <strong>desenvolver novos métodos para trazer o conteúdo digital</strong>, analisar dados educacionais e ter integração de tecnologias em todo o sistema. Tudo isso deve ser pensando em conjunto e elaborado para que o projeto tenha um aspecto inovador e se diferencie, enriquecendo significativamente os projetos educacionais.</p>
<p><img loading="lazy" decoding="async" class="aligncenter wp-image-3402 size-large" src="https://www.cesar.org.br/painel/wp-content/uploads/2024/04/image4-1-1024x683.jpg" alt="Formação Digital" width="1024" height="683" srcset="https://www.cesar.org.br/painel/wp-content/uploads/2024/04/image4-1-1024x683.jpg 1024w, https://www.cesar.org.br/painel/wp-content/uploads/2024/04/image4-1-300x200.jpg 300w, https://www.cesar.org.br/painel/wp-content/uploads/2024/04/image4-1-768x512.jpg 768w, https://www.cesar.org.br/painel/wp-content/uploads/2024/04/image4-1-1536x1024.jpg 1536w, https://www.cesar.org.br/painel/wp-content/uploads/2024/04/image4-1.jpg 1999w" sizes="auto, (max-width: 1024px) 100vw, 1024px" /></p>
<h3>2. Letramento digital</h3>
<p>As parcerias para projetos de letramento digital são essenciais para promover a alfabetização tecnológica entre os alunos. Essas colaborações oferecem acesso a:</p>
<ul>
<li>Recursos especializados;</li>
<li>Integram o letramento digital no currículo escolar;</li>
<li>Reduzem disparidades de acesso e habilidades;</li>
<li>Capacitam educadores;</li>
<li>Promovem uma cultura de responsabilidade digital.</li>
</ul>
<p>Ao trabalhar em conjunto com educadores, as organizações parceiras é possível colaborar na<strong> criação de atividades e projetos interdisciplinares que incorporem o uso de tecnologias digitais </strong>para promover a aprendizagem em diversas áreas, desde ciências e matemática até artes e humanidades.</p>
<p>Dessa maneira, o benefício dessas parcerias é a oportunidade de promover a inclusão digital e reduzir as disparidades de acesso e habilidades tecnológicas entre os alunos.</p>
<h3>3. Formação para profissões do futuro</h3>
<p>As colaborações também permitem a elaboração de formações para o aprimoramento do futuro profissional. Profissionais que possuem um sólido letramento digital são mais capazes de se adaptar a novas tecnologias e ambientes de trabalho, resolver problemas de forma criativa e tomar decisões informadas em um contexto digital.</p>
<h2>Quais são os ganhos que essas formações trazem?</h2>
<p>Ao capacitar os alunos com habilidades tecnológicas, competências digitais e habilidades socioemocionais necessárias para prosperar em um ambiente de trabalho em constante evolução, essas áreas da educação <strong>garantem que os profissionais do futuro estejam bem preparados para enfrentar os desafios</strong> e aproveitar as oportunidades de um mundo cada vez mais digital.</p>
<h2>Como o CESAR pode auxiliar a área da educação em projetos?</h2>
<p>O CESAR é uma instituição reconhecida por sua expertise em inovação e tecnologia. Na área da educação, desempenhamos um papel crucial em diversos projetos, principalmente na atuação para a educação corporativa para empresas e formação inovadora com foco em habilidades digitais para institutos e fundações.</p>
<p>Por exemplo, <a href="https://www.cesar.org.br/w/educacao-corporativa-para-desenvolver-habilidades-e-conhecimentos-em-inovacao" target="_blank" rel="noopener">BRK Ambiental identificou a necessidade de aprimorar o conhecimento</a> do seu time no meio on-line. Para isso, contataram o CESAR e, em conjunto, desenvolveram a &#8220;Jornada da Inovação&#8221;, um programa de Educação Corporativa focado em design, cultura ágil e tecnologia.</p>
<p>O programa, personalizado para a empresa, incluiu três trilhas específicas e foi dividido em 10 módulos ao longo de 3 meses. Durante o curso, os profissionais conseguiram aprimorar seu conhecimento e <strong>ficaram mais atualizados sobre os processos tecnológicos</strong>. Dessa maneira, o projeto fortaleceu a estratégia de Educação Corporativa e o desenvolvimento de talentos na organização.</p>
<p>Um exemplo voltado para formação e letramento digital foi a<a href="https://www.cesar.org.br/w/lagoa-de-itaenga-jovens-e-idosos-recebem-formacao-com-foco-em-carreira-e-inclusao-digital" target="_blank" rel="noopener"> parceria com a Associação Conexão Social.</a> Essa iniciativa teve como propósito de inserir jovens e idosos do município de Lagoa de Itaenga, na Zona da Mata pernambucana, no mapa digital. Para os adolescentes, o foco era apresentar possibilidades de carreira além das que eles visualizam nos exemplos da região. Já para os idosos, a inclusão socioprodutiva ao emancipá-los através da tecnologia, ensinando-os a fazer coisas do cotidiano como pagar contas, entender sobre fake news e cidadania digital.</p>
<p><img loading="lazy" decoding="async" class="aligncenter wp-image-3401 size-large" src="https://www.cesar.org.br/painel/wp-content/uploads/2024/04/DSCF0769-2-1024x683.jpg" alt="Letramento digital" width="1024" height="683" srcset="https://www.cesar.org.br/painel/wp-content/uploads/2024/04/DSCF0769-2-1024x683.jpg 1024w, https://www.cesar.org.br/painel/wp-content/uploads/2024/04/DSCF0769-2-300x200.jpg 300w, https://www.cesar.org.br/painel/wp-content/uploads/2024/04/DSCF0769-2-768x512.jpg 768w, https://www.cesar.org.br/painel/wp-content/uploads/2024/04/DSCF0769-2-1536x1024.jpg 1536w, https://www.cesar.org.br/painel/wp-content/uploads/2024/04/DSCF0769-2-2048x1365.jpg 2048w" sizes="auto, (max-width: 1024px) 100vw, 1024px" /></p>
<p>Ao se unir ao CESAR, sua organização terá um parceiro estratégico para o desenho e execução de projetos educacionais para projetos educacionais, auxiliando na identificação de desafios, desenvolvimento de estratégias de implementação de tecnologias digitais e avaliação do impacto das intervenções educacionais.</p>
<p>Além disso, também<strong> promovem programas de capacitação e treinamento para professores e educadores</strong>, capacitando-os no uso eficaz das tecnologias digitais em sala de aula e na aplicação de metodologias inovadoras de ensino.</p>
<h3>Você está pronto para transformar a educação por meio da inovação e tecnologia? O CESAR está aqui para ajudar! <a href="https://materiais.cesar.org.br/faleconsultor" target="_blank" rel="noopener">Entre em contato conosco</a> e descubra como as soluções personalizadas podem impulsionar o seu projeto educacional para o futuro. Ambos podem juntos criar uma experiência de aprendizagem excepcional e preparar os alunos para os desafios da era digital.</h3>
