{"id":3151,"date":"2024-04-24T16:10:33","date_gmt":"2024-04-24T16:10:33","guid":{"rendered":"https:\/\/www.cesar.org.br\/painel\/?post_type=insight&#038;p=3151"},"modified":"2026-03-10T15:20:43","modified_gmt":"2026-03-10T18:20:43","slug":"impacto-da-inteligencia-artificial-no-ambiente-corporativo-desafios-e-oportunidades","status":"publish","type":"insight","link":"https:\/\/www.cesar.org.br\/painel\/insight\/impacto-da-inteligencia-artificial-no-ambiente-corporativo-desafios-e-oportunidades\/","title":{"rendered":"Impacto da Intelig\u00eancia Artificial no ambiente corporativo: Desafios e oportunidades"},"content":{"rendered":"<p>A Intelig\u00eancia Artificial est\u00e1 cada vez mais presente no dia a dia das organiza\u00e7\u00f5es e, mesmo muitas vezes de forma impercept\u00edvel, das pessoas. Popularizada mais recentemente com o ChatGPT, a IA est\u00e1 no centro dos investimentos das maiores empresas globais e tem norteado a maioria dos debates em festivais de tecnologia e inova\u00e7\u00e3o, a exemplo do Web Summit Rio. A cada painel ou masterclass e em cada estande do evento, aplicada a diversos setores, as &#8220;duas letrinhas m\u00e1gicas&#8221; reluziam. A IA, como se sabe, vai al\u00e9m da mera produ\u00e7\u00e3o de texto, ela permeia produtos tecnol\u00f3gicos com a capacidade de criar imagens, v\u00eddeos, m\u00fasicas e c\u00f3digos. Mas apesar de suas vantagens para otimizar diversas tarefas, os impactos reais no ambiente profissional ainda n\u00e3o est\u00e3o completamente esclarecidos, tanto para colaboradores, que utilizam essas solu\u00e7\u00f5es, quanto para as lideran\u00e7as, que precisam compreender suas implica\u00e7\u00f5es.<\/p>\n<p>O relat\u00f3rio <a href=\"https:\/\/materiais.cesar.org.br\/ia-no-mercado-de-trabalho\">IA generativa no trabalho: Onde estamos e para onde vamos<\/a> visa discutir potencialidades e os principais riscos no ambiente corporativo decorrentes do uso desta tecnologia, a exemplo do pl\u00e1gio, do vazamento de informa\u00e7\u00f5es sens\u00edveis e da diminui\u00e7\u00e3o da criatividade profissional. O trabalho foi desenvolvido em parceria entre o CESAR com a <a href=\"https:\/\/www.instagram.com\/osfuturospossiveis\">Futuros Poss\u00edveis<\/a>, uma plataforma de gera\u00e7\u00e3o de intelig\u00eancia e di\u00e1logos sobre futuros, com produ\u00e7\u00e3o de pesquisas, experi\u00eancias e conte\u00fado autoral.<\/p>\n<p><img loading=\"lazy\" decoding=\"async\" class=\"aligncenter wp-image-3155\" src=\"https:\/\/www.cesar.org.br\/painel\/wp-content\/uploads\/2024\/04\/futuros-possiveis-1024x649.png\" alt=\"Grupo de educadores em podcast sobre tecnologia e educa\u00e7\u00e3o, discutindo IA na educa\u00e7\u00e3o corporativa.\" width=\"636\" height=\"403\" srcset=\"https:\/\/www.cesar.org.br\/painel\/wp-content\/uploads\/2024\/04\/futuros-possiveis-1024x649.png 1024w, https:\/\/www.cesar.org.br\/painel\/wp-content\/uploads\/2024\/04\/futuros-possiveis-300x190.png 300w, https:\/\/www.cesar.org.br\/painel\/wp-content\/uploads\/2024\/04\/futuros-possiveis-768x486.png 768w, https:\/\/www.cesar.org.br\/painel\/wp-content\/uploads\/2024\/04\/futuros-possiveis.png 1320w\" sizes=\"auto, (max-width: 636px) 100vw, 636px\" \/><\/p>\n<p><strong>Eis alguns t\u00f3picos de destaque do relat\u00f3rio:<\/strong><\/p>\n<h3>1. Os riscos jur\u00eddicos e de seguran\u00e7a<\/h3>\n<p>De acordo com o relat\u00f3rio, \u00e9 fundamental promover conscientiza\u00e7\u00e3o constante sobre quest\u00f5es de privacidade e responsabilidade ao incorporar a intelig\u00eancia artificial no ambiente de trabalho. A falha nesse aspecto pode acarretar consequ\u00eancias jur\u00eddicas significativas para as empresas.<\/p>\n<p>Claudia Cunha, head of Legal do CESAR, destaca a import\u00e2ncia de equipes especializadas em seguran\u00e7a da informa\u00e7\u00e3o para evitar vazamentos de dados e garantir o cumprimento da Lei Geral de Prote\u00e7\u00e3o de Dados (LGPD). Al\u00e9m disso, ela alerta no relat\u00f3rio sobre a necessidade de abordar quest\u00f5es de direitos autorais desde o in\u00edcio da implementa\u00e7\u00e3o dessas ferramentas.<\/p>\n<h3>2. Preservar a Criatividade Profissional<\/h3>\n<p>Outra preocupa\u00e7\u00e3o levantada pelo relat\u00f3rio \u00e9 o receio de que a Intelig\u00eancia Artificial possa limitar a criatividade dos profissionais, impactando a autenticidade e a qualidade do trabalho. &#8220;As ferramentas de IA. principalmente as que t\u00eam rela\u00e7\u00e3o com produ\u00e7\u00e3o textual ou visual, est\u00e3o a\u00ed para nos ajudar a criar. \u00c9 importante ter algu\u00e9m que consiga interpretar o que aquela ferramenta gera e construir em cima daquilo, n\u00e3o simplesmente copiar e colar&#8221;, afirma, C\u00e9sar Fran\u00e7a, head de Conhecimento do CESAR&gt;<\/p>\n<h3>3. O Futuro do Trabalho<\/h3>\n<p>Angelica Mari, CEO e cofundadora da Futuros Poss\u00edveis, destaca a necessidade de discutir amplamente o uso da IA no ambiente de trabalho, especialmente para orientar o amadurecimento desse tema nos pr\u00f3ximos anos. O relat\u00f3rio visa contribuir para essa discuss\u00e3o, fornecendo insights sobre os desafios e oportunidades da digitaliza\u00e7\u00e3o empresarial.<\/p>\n<p>Segundo um estudo anterior da Futuros Poss\u00edveis, apenas 21% dos profissionais percebem o uso de Intelig\u00eancia Artificial em seus locais de trabalho, apesar de a maioria enxergar a tecnologia como algo positivo para a efici\u00eancia do trabalho.<\/p>\n<p><strong>Para ler o relat\u00f3rio completo, clique <a href=\"https:\/\/materiais.cesar.org.br\/ia-no-mercado-de-trabalho\">AQUI<\/a>.<\/strong><\/p>\n","protected":false},"featured_media":3153,"template":"","categories":[596],"tags":[93,354],"formato_insights":[],"class_list":["post-3151","insight","type-insight","status-publish","has-post-thumbnail","hentry","category-inovacao-corporativa","tag-ia-generativa","tag-inteligencia-artificial"],"acf":[],"_links":{"self":[{"href":"https:\/\/www.cesar.org.br\/painel\/wp-json\/wp\/v2\/insight\/3151","targetHints":{"allow":["GET"]}}],"collection":[{"href":"https:\/\/www.cesar.org.br\/painel\/wp-json\/wp\/v2\/insight"}],"about":[{"href":"https:\/\/www.cesar.org.br\/painel\/wp-json\/wp\/v2\/types\/insight"}],"wp:featuredmedia":[{"embeddable":true,"href":"https:\/\/www.cesar.org.br\/painel\/wp-json\/wp\/v2\/media\/3153"}],"wp:attachment":[{"href":"https:\/\/www.cesar.org.br\/painel\/wp-json\/wp\/v2\/media?parent=3151"}],"wp:term":[{"taxonomy":"category","embeddable":true,"href":"https:\/\/www.cesar.org.br\/painel\/wp-json\/wp\/v2\/categories?post=3151"},{"taxonomy":"post_tag","embeddable":true,"href":"https:\/\/www.cesar.org.br\/painel\/wp-json\/wp\/v2\/tags?post=3151"},{"taxonomy":"formato_insights","embeddable":true,"href":"https:\/\/www.cesar.org.br\/painel\/wp-json\/wp\/v2\/formato_insights?post=3151"}],"curies":[{"name":"wp","href":"https:\/\/api.w.org\/{rel}","templated":true}]}}

Impacto da Inteligência Artificial no ambiente corporativo: Desafios e oportunidades

<p>A Inteligência Artificial está cada vez mais presente no dia a dia das organizações e, mesmo muitas vezes de forma imperceptível, das pessoas. Popularizada mais recentemente com o ChatGPT, a IA está no centro dos investimentos das maiores empresas globais e tem norteado a maioria dos debates em festivais de tecnologia e inovação, a exemplo do Web Summit Rio. A cada painel ou masterclass e em cada estande do evento, aplicada a diversos setores, as &#8220;duas letrinhas mágicas&#8221; reluziam. A IA, como se sabe, vai além da mera produção de texto, ela permeia produtos tecnológicos com a capacidade de criar imagens, vídeos, músicas e códigos. Mas apesar de suas vantagens para otimizar diversas tarefas, os impactos reais no ambiente profissional ainda não estão completamente esclarecidos, tanto para colaboradores, que utilizam essas soluções, quanto para as lideranças, que precisam compreender suas implicações.</p>
<p>O relatório <a href="https://materiais.cesar.org.br/ia-no-mercado-de-trabalho">IA generativa no trabalho: Onde estamos e para onde vamos</a> visa discutir potencialidades e os principais riscos no ambiente corporativo decorrentes do uso desta tecnologia, a exemplo do plágio, do vazamento de informações sensíveis e da diminuição da criatividade profissional. O trabalho foi desenvolvido em parceria entre o CESAR com a <a href="https://www.instagram.com/osfuturospossiveis">Futuros Possíveis</a>, uma plataforma de geração de inteligência e diálogos sobre futuros, com produção de pesquisas, experiências e conteúdo autoral.</p>
<p><img loading="lazy" decoding="async" class="aligncenter wp-image-3155" src="https://www.cesar.org.br/painel/wp-content/uploads/2024/04/futuros-possiveis-1024x649.png" alt="Grupo de educadores em podcast sobre tecnologia e educação, discutindo IA na educação corporativa." width="636" height="403" srcset="https://www.cesar.org.br/painel/wp-content/uploads/2024/04/futuros-possiveis-1024x649.png 1024w, https://www.cesar.org.br/painel/wp-content/uploads/2024/04/futuros-possiveis-300x190.png 300w, https://www.cesar.org.br/painel/wp-content/uploads/2024/04/futuros-possiveis-768x486.png 768w, https://www.cesar.org.br/painel/wp-content/uploads/2024/04/futuros-possiveis.png 1320w" sizes="auto, (max-width: 636px) 100vw, 636px" /></p>
<p><strong>Eis alguns tópicos de destaque do relatório:</strong></p>
<h3>1. Os riscos jurídicos e de segurança</h3>
<p>De acordo com o relatório, é fundamental promover conscientização constante sobre questões de privacidade e responsabilidade ao incorporar a inteligência artificial no ambiente de trabalho. A falha nesse aspecto pode acarretar consequências jurídicas significativas para as empresas.</p>
<p>Claudia Cunha, head of Legal do CESAR, destaca a importância de equipes especializadas em segurança da informação para evitar vazamentos de dados e garantir o cumprimento da Lei Geral de Proteção de Dados (LGPD). Além disso, ela alerta no relatório sobre a necessidade de abordar questões de direitos autorais desde o início da implementação dessas ferramentas.</p>
<h3>2. Preservar a Criatividade Profissional</h3>
<p>Outra preocupação levantada pelo relatório é o receio de que a Inteligência Artificial possa limitar a criatividade dos profissionais, impactando a autenticidade e a qualidade do trabalho. &#8220;As ferramentas de IA. principalmente as que têm relação com produção textual ou visual, estão aí para nos ajudar a criar. É importante ter alguém que consiga interpretar o que aquela ferramenta gera e construir em cima daquilo, não simplesmente copiar e colar&#8221;, afirma, César França, head de Conhecimento do CESAR&gt;</p>
<h3>3. O Futuro do Trabalho</h3>
<p>Angelica Mari, CEO e cofundadora da Futuros Possíveis, destaca a necessidade de discutir amplamente o uso da IA no ambiente de trabalho, especialmente para orientar o amadurecimento desse tema nos próximos anos. O relatório visa contribuir para essa discussão, fornecendo insights sobre os desafios e oportunidades da digitalização empresarial.</p>
<p>Segundo um estudo anterior da Futuros Possíveis, apenas 21% dos profissionais percebem o uso de Inteligência Artificial em seus locais de trabalho, apesar de a maioria enxergar a tecnologia como algo positivo para a eficiência do trabalho.</p>
<p><strong>Para ler o relatório completo, clique <a href="https://materiais.cesar.org.br/ia-no-mercado-de-trabalho">AQUI</a>.</strong></p>
