{"id":2389,"date":"2018-04-27T00:00:00","date_gmt":"2018-04-27T00:00:00","guid":{"rendered":"https:\/\/www.cesar.org.br\/painel\/insight\/criar-solucoes-e-superar-desafios\/"},"modified":"2026-03-10T14:41:27","modified_gmt":"2026-03-10T17:41:27","slug":"criar-solucoes-e-superar-desafios","status":"publish","type":"insight","link":"https:\/\/www.cesar.org.br\/painel\/insight\/criar-solucoes-e-superar-desafios\/","title":{"rendered":"Criar solu\u00e7\u00f5es e superar desafios"},"content":{"rendered":"<div class=\"content-article\">\n<blockquote>\n<p data-selectable-paragraph=\"\"><em>por<\/em><strong><em>\u00a0Silvio Arag\u00e3o<\/em><\/strong><\/p>\n<p id=\"6d37\" data-selectable-paragraph=\"\"><cite>Penso que propens\u00e3o a risco \u00e9 uma caracter\u00edstica fundamental para um empreendedor. Precisamos correr riscos para empreender.<\/cite><\/p>\n<\/blockquote>\n<p id=\"c265\" data-selectable-paragraph=\"\">Uma das premissas que nos faz investir com determina\u00e7\u00e3o em cada novo projeto da\u00a0<a href=\"http:\/\/www.grupoavantia.com.br\/\" target=\"_blank\" rel=\"noopener ugc nofollow\">Avantia<\/a>\u00a0\u00e9 criar, superar e realizar o que parece ser imposs\u00edvel. Este trip\u00e9 faz parte da minha vida, foi fundamental na trajet\u00f3ria que segui como profissional e empreendedor. Desde a inf\u00e2ncia eu dizia que seria engenheiro. Realizei este sonho e esta meta ao entrar na faculdade de engenharia el\u00e9trica. Antes disso, aos 14 anos, comecei a trabalhar como office-boy em um banco e vendia sandu\u00edche e camisas no col\u00e9gio onde estudava. Percebendo o meu perfil de trabalho e com a vis\u00e3o de comerciante, nesta \u00e9poca o meu pai j\u00e1 me incentivava a ter o meu pr\u00f3prio neg\u00f3cio. Naquele tempo n\u00e3o havia as facilidades que meus filhos t\u00eam hoje, por isso para mim foi muito importante ter sido estimulado, incentivado pela minha fam\u00edlia a criar o meu pr\u00f3prio neg\u00f3cio.<\/p>\n<p id=\"8674\" data-selectable-paragraph=\"\">Hoje o mundo \u00e9 outro, as possiblidades s\u00e3o muitas, mas o que ainda realmente faz a diferen\u00e7a \u00e9 o contexto em que o jovem \u00e9 criado. N\u00f3s, familiares, temos sim uma influ\u00eancia muito forte. Assim como aconteceu comigo, se o jovem atualmente \u00e9 criado numa sociedade, fam\u00edlia ou ambiente que incentiva o empreendedorismo, isso chegar\u00e1 a ele. No meu caso n\u00e3o foi s\u00f3 o est\u00edmulo da fam\u00edlia que me levou ao interesse de empreender, mas isso pesou e com certeza foi muito importante para minha vida profissional.<\/p>\n<p id=\"fd83\" data-selectable-paragraph=\"\">Quando entrei na faculdade, eu j\u00e1 trabalhava no Banco do Brasil. Durante o curso de gradua\u00e7\u00e3o, ainda estudante de engenharia el\u00e9trica, no in\u00edcio da d\u00e9cada de 1990, abri minha primeira empresa que fazia instala\u00e7\u00f5es t\u00e9cnicas. No final do curso de engenharia abri o meu primeiro neg\u00f3cio. Eu trabalhava no banco durante o dia, estudava \u00e0 noite e depois das aulas trabalhava na minha empresa fazendo instala\u00e7\u00f5es el\u00e9tricas prediais e de subesta\u00e7\u00f5es.<\/p>\n<p id=\"283a\" data-selectable-paragraph=\"\">Aos 25 anos, no cargo de ger\u00eancia no banco, no Departamento de Engenharia, j\u00e1 somava 11 anos na empresa. Mas sonhava mesmo com o meu pr\u00f3prio neg\u00f3cio. Tive que fazer uma escolha dif\u00edcil entre a estabilidade do bom emprego e o desafio de um criar um novo neg\u00f3cio. Para tomar uma boa decis\u00e3o fui em busca de opini\u00f5es e ouvi quem tinha mais experi\u00eancia. Foi o que meu av\u00f4 disse que me encorajou: \u201cMeu filho, voc\u00ea \u00e9 um homem trabalhador, estudioso, n\u00e3o tem como dar errado. Saia do emprego e monte o seu neg\u00f3cio. Vai dar certo\u201d. Assumi essa escolha e busquei mais conhecimento t\u00e9cnico. Aprendi com essa experi\u00eancia que precisamos ter dedica\u00e7\u00e3o total ao trabalho que escolhemos, principalmente na \u00e1rea de TI. Penso que propens\u00e3o a risco \u00e9 uma caracter\u00edstica fundamental para um empreendedor. Precisamos correr riscos para empreender.<\/p>\n<p id=\"d9da\" data-selectable-paragraph=\"\">J\u00e1 no mestrado em Administra\u00e7\u00e3o, na Universidade Federal de Pernambuco, eu fazia trabalhos como aut\u00f4nomo, e no final do curso, em 1998, abri a Arag\u00e3o Engenharia, hoje Avantia. Minha pr\u00f3pria empresa, meu empreendimento. Com um eletricista e um ajudante, eu fazia instala\u00e7\u00f5es de automa\u00e7\u00e3o industrial e banc\u00e1ria, instala\u00e7\u00f5es el\u00e9tricas industriais e tomava conta de tudo \u2014 da compra de materiais \u00e0 folha de pagamento. Trabalhava de domingo a domingo, ent\u00e3o passei a dividir o tempo e a gest\u00e3o da empresa com um s\u00f3cio. Trabalho at\u00e9 hoje com este amigo, Hamilton Valentin. Seis anos depois, o segundo s\u00f3cio, Marcelo Poncell, veio para compor o time. Da\u00ed em diante o mercado de TI foi crescendo, expandindo, e a Arag\u00e3o Engenharia tamb\u00e9m crescia na cadeia vertical de infra de TI. Conquistamos nosso quarto s\u00f3cio, Eduardo Ferreira Lima, tamb\u00e9m meu amigo, e n\u00f3s quatro decidimos mudar o nome da empresa para Avantia. Avan\u00e7\u00e1vamos no setor de tecnologia, passamos a empreender dentro da empresa, iniciamos o Avantia Labs, criando solu\u00e7\u00f5es de seguran\u00e7a para o mercado, e desde ent\u00e3o n\u00e3o paramos de nos reinventar. Desde o in\u00edcio quando trabalhei sozinho com automa\u00e7\u00e3o banc\u00e1ria, instala\u00e7\u00f5es el\u00e9tricas e cabeamento, investindo em novos setores ao longo de 20 anos e agora com 430 funcion\u00e1rios trabalhando na Avantia, ainda mantenho o foco empreendedor. O objetivo \u00e9 criar solu\u00e7\u00f5es e superar desafios para cuidar das pessoas em empresas privadas e p\u00fablicas e trabalhar para que a Avantia atenda o mercado como a melhor empresa em tecnologias de seguran\u00e7a na Am\u00e9rica Latina.<\/p>\n<div class=\"portlet-msg-info\" data-selectable-paragraph=\"\"><strong>Silvio Arag\u00e3o Melo Junior<\/strong>\u00a0\u00e9 engenheiro eletricista, especialista em Administra\u00e7\u00e3o, empreendedor Endeavor, CEO e fundador da\u00a0<a href=\"http:\/\/www.grupoavantia.com.br\/\" target=\"_blank\" rel=\"noopener ugc nofollow\">Avantia<\/a>, empresa focada em tecnologia de seguran\u00e7a corporativa com desenvolvimento de solu\u00e7\u00f5es de intelig\u00eancia artificial para an\u00e1lise de v\u00eddeo e \u00e1udio. Cofundador da WIN Intelligence Wireless, startup baseada em Londres para integra\u00e7\u00e3o de redes 5G com tecnologias de IA.<\/div>\n<\/div>\n","protected":false},"featured_media":2390,"template":"","categories":[3],"tags":[74],"formato_insights":[],"class_list":["post-2389","insight","type-insight","status-publish","has-post-thumbnail","hentry","category-negocios","tag-empreendedorismo"],"acf":[],"_links":{"self":[{"href":"https:\/\/www.cesar.org.br\/painel\/wp-json\/wp\/v2\/insight\/2389","targetHints":{"allow":["GET"]}}],"collection":[{"href":"https:\/\/www.cesar.org.br\/painel\/wp-json\/wp\/v2\/insight"}],"about":[{"href":"https:\/\/www.cesar.org.br\/painel\/wp-json\/wp\/v2\/types\/insight"}],"wp:featuredmedia":[{"embeddable":true,"href":"https:\/\/www.cesar.org.br\/painel\/wp-json\/wp\/v2\/media\/2390"}],"wp:attachment":[{"href":"https:\/\/www.cesar.org.br\/painel\/wp-json\/wp\/v2\/media?parent=2389"}],"wp:term":[{"taxonomy":"category","embeddable":true,"href":"https:\/\/www.cesar.org.br\/painel\/wp-json\/wp\/v2\/categories?post=2389"},{"taxonomy":"post_tag","embeddable":true,"href":"https:\/\/www.cesar.org.br\/painel\/wp-json\/wp\/v2\/tags?post=2389"},{"taxonomy":"formato_insights","embeddable":true,"href":"https:\/\/www.cesar.org.br\/painel\/wp-json\/wp\/v2\/formato_insights?post=2389"}],"curies":[{"name":"wp","href":"https:\/\/api.w.org\/{rel}","templated":true}]}}

Criar soluções e superar desafios

<div class="content-article">
<blockquote>
<p data-selectable-paragraph=""><em>por</em><strong><em> Silvio Aragão</em></strong></p>
<p id="6d37" data-selectable-paragraph=""><cite>Penso que propensão a risco é uma característica fundamental para um empreendedor. Precisamos correr riscos para empreender.</cite></p>
</blockquote>
<p id="c265" data-selectable-paragraph="">Uma das premissas que nos faz investir com determinação em cada novo projeto da <a href="http://www.grupoavantia.com.br/" target="_blank" rel="noopener ugc nofollow">Avantia</a> é criar, superar e realizar o que parece ser impossível. Este tripé faz parte da minha vida, foi fundamental na trajetória que segui como profissional e empreendedor. Desde a infância eu dizia que seria engenheiro. Realizei este sonho e esta meta ao entrar na faculdade de engenharia elétrica. Antes disso, aos 14 anos, comecei a trabalhar como office-boy em um banco e vendia sanduíche e camisas no colégio onde estudava. Percebendo o meu perfil de trabalho e com a visão de comerciante, nesta época o meu pai já me incentivava a ter o meu próprio negócio. Naquele tempo não havia as facilidades que meus filhos têm hoje, por isso para mim foi muito importante ter sido estimulado, incentivado pela minha família a criar o meu próprio negócio.</p>
<p id="8674" data-selectable-paragraph="">Hoje o mundo é outro, as possiblidades são muitas, mas o que ainda realmente faz a diferença é o contexto em que o jovem é criado. Nós, familiares, temos sim uma influência muito forte. Assim como aconteceu comigo, se o jovem atualmente é criado numa sociedade, família ou ambiente que incentiva o empreendedorismo, isso chegará a ele. No meu caso não foi só o estímulo da família que me levou ao interesse de empreender, mas isso pesou e com certeza foi muito importante para minha vida profissional.</p>
<p id="fd83" data-selectable-paragraph="">Quando entrei na faculdade, eu já trabalhava no Banco do Brasil. Durante o curso de graduação, ainda estudante de engenharia elétrica, no início da década de 1990, abri minha primeira empresa que fazia instalações técnicas. No final do curso de engenharia abri o meu primeiro negócio. Eu trabalhava no banco durante o dia, estudava à noite e depois das aulas trabalhava na minha empresa fazendo instalações elétricas prediais e de subestações.</p>
<p id="283a" data-selectable-paragraph="">Aos 25 anos, no cargo de gerência no banco, no Departamento de Engenharia, já somava 11 anos na empresa. Mas sonhava mesmo com o meu próprio negócio. Tive que fazer uma escolha difícil entre a estabilidade do bom emprego e o desafio de um criar um novo negócio. Para tomar uma boa decisão fui em busca de opiniões e ouvi quem tinha mais experiência. Foi o que meu avô disse que me encorajou: “Meu filho, você é um homem trabalhador, estudioso, não tem como dar errado. Saia do emprego e monte o seu negócio. Vai dar certo”. Assumi essa escolha e busquei mais conhecimento técnico. Aprendi com essa experiência que precisamos ter dedicação total ao trabalho que escolhemos, principalmente na área de TI. Penso que propensão a risco é uma característica fundamental para um empreendedor. Precisamos correr riscos para empreender.</p>
<p id="d9da" data-selectable-paragraph="">Já no mestrado em Administração, na Universidade Federal de Pernambuco, eu fazia trabalhos como autônomo, e no final do curso, em 1998, abri a Aragão Engenharia, hoje Avantia. Minha própria empresa, meu empreendimento. Com um eletricista e um ajudante, eu fazia instalações de automação industrial e bancária, instalações elétricas industriais e tomava conta de tudo — da compra de materiais à folha de pagamento. Trabalhava de domingo a domingo, então passei a dividir o tempo e a gestão da empresa com um sócio. Trabalho até hoje com este amigo, Hamilton Valentin. Seis anos depois, o segundo sócio, Marcelo Poncell, veio para compor o time. Daí em diante o mercado de TI foi crescendo, expandindo, e a Aragão Engenharia também crescia na cadeia vertical de infra de TI. Conquistamos nosso quarto sócio, Eduardo Ferreira Lima, também meu amigo, e nós quatro decidimos mudar o nome da empresa para Avantia. Avançávamos no setor de tecnologia, passamos a empreender dentro da empresa, iniciamos o Avantia Labs, criando soluções de segurança para o mercado, e desde então não paramos de nos reinventar. Desde o início quando trabalhei sozinho com automação bancária, instalações elétricas e cabeamento, investindo em novos setores ao longo de 20 anos e agora com 430 funcionários trabalhando na Avantia, ainda mantenho o foco empreendedor. O objetivo é criar soluções e superar desafios para cuidar das pessoas em empresas privadas e públicas e trabalhar para que a Avantia atenda o mercado como a melhor empresa em tecnologias de segurança na América Latina.</p>
<div class="portlet-msg-info" data-selectable-paragraph=""><strong>Silvio Aragão Melo Junior</strong> é engenheiro eletricista, especialista em Administração, empreendedor Endeavor, CEO e fundador da <a href="http://www.grupoavantia.com.br/" target="_blank" rel="noopener ugc nofollow">Avantia</a>, empresa focada em tecnologia de segurança corporativa com desenvolvimento de soluções de inteligência artificial para análise de vídeo e áudio. Cofundador da WIN Intelligence Wireless, startup baseada em Londres para integração de redes 5G com tecnologias de IA.</div>
</div>
