{"id":2296,"date":"2018-04-16T00:00:00","date_gmt":"2018-04-16T00:00:00","guid":{"rendered":"https:\/\/www.cesar.org.br\/painel\/insight\/a-capacidade-de-transformar\/"},"modified":"2026-03-24T18:05:28","modified_gmt":"2026-03-24T21:05:28","slug":"a-capacidade-de-transformar","status":"publish","type":"insight","link":"https:\/\/www.cesar.org.br\/painel\/insight\/a-capacidade-de-transformar\/","title":{"rendered":"A capacidade de transformar"},"content":{"rendered":"<div class=\"content-article\">\n<p><em>por\u00a0<\/em><strong><strong><em>La\u00eds Xavier<\/em><\/strong><\/strong><\/p>\n<blockquote id=\"5caf\"><p><cite><strong>Empreender \u00e9 executar a ideia, enfrentar a frustra\u00e7\u00e3o, mudar de estrat\u00e9gia rapidamente quando o neg\u00f3cio e o mercado exigem.<\/strong><\/cite><\/p><\/blockquote>\n<p id=\"78e2\">Neste ano completamos mais de uma d\u00e9cada desde os primeiros passos do grupo M\u00eddias Educativas. Em 2008, \u00e9ramos quatro amigos finalizando o mestrado em Engenharia de Requisitos no Centro de Inform\u00e1tica da UFPE. Com um projeto de pesquisa financiado pelo CNPQ, formamos uma equipe multidisciplinar para validar no ambiente acad\u00eamico o desenvolvimento de sistemas e conte\u00fados de tecnologia aplicada na Educa\u00e7\u00e3o. Hoje atuamos em v\u00e1rios segmentos da \u00e1rea: na educa\u00e7\u00e3o b\u00e1sica, no ensino superior, ensino t\u00e9cnico e corporativo, tanto p\u00fablico como privado, na gest\u00e3o de desempenho, monitoramento de aprendizagem, ferramentas para melhorar \u00edndices, identificar defici\u00eancias do processo de ensino e de aprendizagem, entre outras frentes.<\/p>\n<section>\n<p id=\"ba18\">A empresa nasceu enxuta. Muito frisson, muita motiva\u00e7\u00e3o, muitas certezas. Algumas d\u00favidas, muitos conselhos. Determinada, empreendedora de primeira viagem, eu acreditava que tudo daria certo: \u201cFoca no que fazes melhor e entra de cabe\u00e7a nisso\u201d, algu\u00e9m me diz. Eu mesma cuidava do financeiro, cont\u00e1bil, marketing, vendas, programa\u00e7\u00e3o, troca de \u00e1gua no bebedouro, reposi\u00e7\u00e3o de insumos para o banheiro\u2026 Tudo era novo e interessante. Conquistado o primeiro cliente, encaramos o desafio do portf\u00f3lio. N\u00e3o havia nada de concreto para mostrar, mas muitas ideias para executar. \u201cDou conta de toda essa execu\u00e7\u00e3o\u201d, penso. \u201cPreciso de dinheiro para pagar o aluguel, energia, internet. Quero produto, mas o servi\u00e7o pode alavancar o dinheiro\u201d.<\/p>\n<p id=\"ea58\">Ter cliente e usu\u00e1rio na base exige assumir riscos para que o neg\u00f3cio se concretize, chegue do outro lado e atenda a necessidade. Empreender \u00e9 executar uma ideia e dar conta da frustra\u00e7\u00e3o, mudar de estrat\u00e9gia rapidamente quando o neg\u00f3cio e o mercado exigem.<\/p>\n<p id=\"a8e1\">Grande parte do nosso ouro \u00e9 o pool<em>\u00a0<\/em>de habilidades pessoais que somamos, o feeling<em>\u00a0<\/em>que nos conectou para criar a empresa e realizar os projetos. Isso foi muito importante na nossa estrada. Diferentes experi\u00eancias e pontos de vista nos ajudam a manter os p\u00e9s no ch\u00e3o.<\/p>\n<p id=\"9cbe\">No meio do caminho nasce uma nova empresa. Temos sempre um projeto novo lidando com um mercado novo, e cada trabalho traz uma bagagem diferente. Produto no mercado, suporte rodando. \u201cE o marketing? Quanto gasto para conseguir um usu\u00e1rio a mais? O governo\u2026 dinheiro maior, volume grande de usu\u00e1rios. Estou preparada para essa venda? Investidores\u2026 um conto \u00e0 parte\u201d.<\/p>\n<p id=\"5946\">Todos os dias aprimoro o que aprendi nesses anos de trabalho. Quando passamos por problemas, encaramos de frente que outros pr\u00f3ximos vir\u00e3o. A experi\u00eancia empresarial precisa dessa capacidade de transformar rapidamente o que \u00e9 necess\u00e1rio, precisa exercitar e refletir os problemas, agir. N\u00e3o esperar.<strong>\u00a0<\/strong>Seguir. Para executar bem, atender uma necessidade em ponto, \u00e9 preciso muita dedica\u00e7\u00e3o, empenho, porque a realidade \u00e9 muito diferente do mundo colorido pintado para futuros empreendedores.<\/p>\n<p id=\"eab9\">Fiquei rica? De experi\u00eancias. E a empresa rodando. Os desavisados diriam que foi sorte. Seguimos em crescimento, acumulando bagagem, experi\u00eancias, hist\u00f3rias. Quem \u00e9 empreendedor n\u00e3o para por a\u00ed, tem outras motiva\u00e7\u00f5es. Mais uma startup, come\u00e7a tudo de novo. Agora um pouco mais experiente\u200a\u2014\u200amas o mercado muda. Sempre. Resili\u00eancia.<\/p>\n<h3 id=\"6d9f\"><strong>Maternidade e acolhimento<\/strong><\/h3>\n<p id=\"96bc\">Grande parte da minha carreira foi na \u00e1rea de Tecnologia na Educa\u00e7\u00e3o, assim como a dos outros s\u00f3cios. Minha experi\u00eancia como professora e a forma\u00e7\u00e3o t\u00e9cnica me trouxeram background, e ainda hoje dou aulas para estar sempre perto da sala de aula. Quando come\u00e7amos a empresa, passamos a frequentar associa\u00e7\u00f5es empresariais. Eu era a \u00fanica mulher do grupo e a mais jovem, com 25 anos. Hoje, os ambientes de startups t\u00eam muito mais interlocutoras, a presen\u00e7a das mulheres aumenta progressivamente na \u00e1rea de TI. O acolhimento dos meus s\u00f3cios no momento em que minha filha nasceu foi determinante para a minha carreira. Quando ela fez sete meses eu pude traz\u00ea-la para trabalhar comigo. Foi assim at\u00e9 ela completar 1 ano, quando j\u00e1 podia ir para a escola. Eu consegui executar meu trabalho e n\u00e3o deixei de estar ao lado da minha filha para viver a rela\u00e7\u00e3o de proximidade que eu queria manter com ela. Estar presente na maternidade foi fundamental para realizar meus projetos com mais seguran\u00e7a, e realizar meus projetos me fortaleceu para assegurar uma rela\u00e7\u00e3o saud\u00e1vel com a maternidade.<\/p>\n<\/section>\n<section>\n<hr \/>\n<p id=\"f009\"><strong>La\u00eds Xavier<\/strong>\u00a0\u00e9 diretora de neg\u00f3cios da M\u00eddias Educativas, empresa com 10 anos na \u00e1rea de tecnologia educacional, e da\u00a0<a href=\"http:\/\/www.midiaseducativas.com.br\/\" target=\"_blank\" rel=\"nofollow noopener\" data-href=\"http:\/\/www.midiaseducativas.com.br\/\">M\u00eddias Criativas<\/a>, startup de entretenimento infantil. Obteve mestrado em Engenharia de Requisitos na UFPE e \u00e9 certificada PMP\u200a\u2014\u200aProfissional de Gerenciamento de Projetos.<\/p>\n<\/section>\n<\/div>\n","protected":false},"featured_media":2297,"template":"","categories":[3],"tags":[100],"formato_insights":[16],"class_list":["post-2296","insight","type-insight","status-publish","has-post-thumbnail","hentry","category-negocios","tag-transformacao-digital","formato_insights-artigo"],"acf":[],"_links":{"self":[{"href":"https:\/\/www.cesar.org.br\/painel\/wp-json\/wp\/v2\/insight\/2296","targetHints":{"allow":["GET"]}}],"collection":[{"href":"https:\/\/www.cesar.org.br\/painel\/wp-json\/wp\/v2\/insight"}],"about":[{"href":"https:\/\/www.cesar.org.br\/painel\/wp-json\/wp\/v2\/types\/insight"}],"wp:featuredmedia":[{"embeddable":true,"href":"https:\/\/www.cesar.org.br\/painel\/wp-json\/wp\/v2\/media\/2297"}],"wp:attachment":[{"href":"https:\/\/www.cesar.org.br\/painel\/wp-json\/wp\/v2\/media?parent=2296"}],"wp:term":[{"taxonomy":"category","embeddable":true,"href":"https:\/\/www.cesar.org.br\/painel\/wp-json\/wp\/v2\/categories?post=2296"},{"taxonomy":"post_tag","embeddable":true,"href":"https:\/\/www.cesar.org.br\/painel\/wp-json\/wp\/v2\/tags?post=2296"},{"taxonomy":"formato_insights","embeddable":true,"href":"https:\/\/www.cesar.org.br\/painel\/wp-json\/wp\/v2\/formato_insights?post=2296"}],"curies":[{"name":"wp","href":"https:\/\/api.w.org\/{rel}","templated":true}]}}

<div class="content-article">
<p><em>por </em><strong><strong><em>Laís Xavier</em></strong></strong></p>
<blockquote id="5caf"><p><cite><strong>Empreender é executar a ideia, enfrentar a frustração, mudar de estratégia rapidamente quando o negócio e o mercado exigem.</strong></cite></p></blockquote>
<p id="78e2">Neste ano completamos mais de uma década desde os primeiros passos do grupo Mídias Educativas. Em 2008, éramos quatro amigos finalizando o mestrado em Engenharia de Requisitos no Centro de Informática da UFPE. Com um projeto de pesquisa financiado pelo CNPQ, formamos uma equipe multidisciplinar para validar no ambiente acadêmico o desenvolvimento de sistemas e conteúdos de tecnologia aplicada na Educação. Hoje atuamos em vários segmentos da área: na educação básica, no ensino superior, ensino técnico e corporativo, tanto público como privado, na gestão de desempenho, monitoramento de aprendizagem, ferramentas para melhorar índices, identificar deficiências do processo de ensino e de aprendizagem, entre outras frentes.</p>
<section>
<p id="ba18">A empresa nasceu enxuta. Muito frisson, muita motivação, muitas certezas. Algumas dúvidas, muitos conselhos. Determinada, empreendedora de primeira viagem, eu acreditava que tudo daria certo: “Foca no que fazes melhor e entra de cabeça nisso”, alguém me diz. Eu mesma cuidava do financeiro, contábil, marketing, vendas, programação, troca de água no bebedouro, reposição de insumos para o banheiro… Tudo era novo e interessante. Conquistado o primeiro cliente, encaramos o desafio do portfólio. Não havia nada de concreto para mostrar, mas muitas ideias para executar. “Dou conta de toda essa execução”, penso. “Preciso de dinheiro para pagar o aluguel, energia, internet. Quero produto, mas o serviço pode alavancar o dinheiro”.</p>
<p id="ea58">Ter cliente e usuário na base exige assumir riscos para que o negócio se concretize, chegue do outro lado e atenda a necessidade. Empreender é executar uma ideia e dar conta da frustração, mudar de estratégia rapidamente quando o negócio e o mercado exigem.</p>
<p id="a8e1">Grande parte do nosso ouro é o pool<em> </em>de habilidades pessoais que somamos, o feeling<em> </em>que nos conectou para criar a empresa e realizar os projetos. Isso foi muito importante na nossa estrada. Diferentes experiências e pontos de vista nos ajudam a manter os pés no chão.</p>
<p id="9cbe">No meio do caminho nasce uma nova empresa. Temos sempre um projeto novo lidando com um mercado novo, e cada trabalho traz uma bagagem diferente. Produto no mercado, suporte rodando. “E o marketing? Quanto gasto para conseguir um usuário a mais? O governo… dinheiro maior, volume grande de usuários. Estou preparada para essa venda? Investidores… um conto à parte”.</p>
<p id="5946">Todos os dias aprimoro o que aprendi nesses anos de trabalho. Quando passamos por problemas, encaramos de frente que outros próximos virão. A experiência empresarial precisa dessa capacidade de transformar rapidamente o que é necessário, precisa exercitar e refletir os problemas, agir. Não esperar.<strong> </strong>Seguir. Para executar bem, atender uma necessidade em ponto, é preciso muita dedicação, empenho, porque a realidade é muito diferente do mundo colorido pintado para futuros empreendedores.</p>
<p id="eab9">Fiquei rica? De experiências. E a empresa rodando. Os desavisados diriam que foi sorte. Seguimos em crescimento, acumulando bagagem, experiências, histórias. Quem é empreendedor não para por aí, tem outras motivações. Mais uma startup, começa tudo de novo. Agora um pouco mais experiente — mas o mercado muda. Sempre. Resiliência.</p>
<h3 id="6d9f"><strong>Maternidade e acolhimento</strong></h3>
<p id="96bc">Grande parte da minha carreira foi na área de Tecnologia na Educação, assim como a dos outros sócios. Minha experiência como professora e a formação técnica me trouxeram background, e ainda hoje dou aulas para estar sempre perto da sala de aula. Quando começamos a empresa, passamos a frequentar associações empresariais. Eu era a única mulher do grupo e a mais jovem, com 25 anos. Hoje, os ambientes de startups têm muito mais interlocutoras, a presença das mulheres aumenta progressivamente na área de TI. O acolhimento dos meus sócios no momento em que minha filha nasceu foi determinante para a minha carreira. Quando ela fez sete meses eu pude trazê-la para trabalhar comigo. Foi assim até ela completar 1 ano, quando já podia ir para a escola. Eu consegui executar meu trabalho e não deixei de estar ao lado da minha filha para viver a relação de proximidade que eu queria manter com ela. Estar presente na maternidade foi fundamental para realizar meus projetos com mais segurança, e realizar meus projetos me fortaleceu para assegurar uma relação saudável com a maternidade.</p>
</section>
<section>
<hr />
<p id="f009"><strong>Laís Xavier</strong> é diretora de negócios da Mídias Educativas, empresa com 10 anos na área de tecnologia educacional, e da <a href="http://www.midiaseducativas.com.br/" target="_blank" rel="nofollow noopener" data-href="http://www.midiaseducativas.com.br/">Mídias Criativas</a>, startup de entretenimento infantil. Obteve mestrado em Engenharia de Requisitos na UFPE e é certificada PMP — Profissional de Gerenciamento de Projetos.</p>
</section>
</div>
