{"id":2283,"date":"2018-06-11T00:00:00","date_gmt":"2018-06-11T00:00:00","guid":{"rendered":"https:\/\/www.cesar.org.br\/painel\/insight\/proposito-e-resiliencia-para-ser-grande\/"},"modified":"2024-04-02T19:58:43","modified_gmt":"2024-04-02T19:58:43","slug":"proposito-e-resiliencia-para-ser-grande","status":"publish","type":"insight","link":"https:\/\/www.cesar.org.br\/painel\/insight\/proposito-e-resiliencia-para-ser-grande\/","title":{"rendered":"Prop\u00f3sito e resili\u00eancia para ser grande"},"content":{"rendered":"<div class=\"content-article\">\n<p><em>por<\/em><strong><em>\u00a0Andr\u00e9 Ferraz<\/em><\/strong><\/p>\n<blockquote>\n<p><cite><strong>Empreender \u00e9 mais do que fundar uma startup famosa e fazer muito dinheiro. \u00c9 ter uma miss\u00e3o e seguir firme no objetivo, apesar dos obst\u00e1culos.<\/strong><\/cite><\/p>\n<\/blockquote>\n<p id=\"2f25\">A minha hist\u00f3ria como empreendedor se confunde com a hist\u00f3ria da In Loco, empresa de tecnologia de localiza\u00e7\u00e3o que fundei com os meus s\u00f3cios quando ainda estud\u00e1vamos Ci\u00eancias da Computa\u00e7\u00e3o na Universidade Federal de Pernambuco. Parece que faz uma eternidade, mas essa hist\u00f3ria come\u00e7ou h\u00e1 apenas sete anos.<\/p>\n<section>\n<p id=\"9498\">Com prop\u00f3sito e persist\u00eancia, neste intervalo de tempo constru\u00edmos uma empresa reconhecida pela Microsoft como a detentora da localiza\u00e7\u00e3o mais precisa do mundo para fins comerciais, desenvolvemos produtos para solucionar demandas relacionadas \u00e0 m\u00eddia, aplicativos e antifraudes, temos um time de 170 pessoas, escrit\u00f3rios em um dos mais ic\u00f4nicos pr\u00e9dios do Porto Digital, em Recife, S\u00e3o Paulo e Rio de Janeiro, j\u00e1 atuamos nos Estados Unidos, e isso tudo ainda n\u00e3o est\u00e1 nem perto de onde queremos e vamos chegar.<\/p>\n<p id=\"cdc4\">Mas para estar onde estamos hoje, temos que voltar algum tempo no passado. Um ponto na hist\u00f3ria muito anterior ao meu encontro com os meus s\u00f3cios. Mais precisamente, na minha inf\u00e2ncia. Sou filho de dois nerds: minha m\u00e3e \u00e9 engenheira e meu pai, professor de Ci\u00eancia da Computa\u00e7\u00e3o. Eu tinha uns quatro ou cinco anos quando eles come\u00e7aram a estudar um campo da tecnologia conhecido como \u201ccomputa\u00e7\u00e3o ub\u00edqua\u201d, uma teoria que defende que no futuro os computadores ser\u00e3o t\u00e3o inteligentes e proativos que responder\u00e3o \u00e0s nossas perguntas e ser\u00e3o capazes de \u201cprever\u201d o que queremos, antes mesmo de darmos uma ordem a eles. O assunto computa\u00e7\u00e3o era frequente na minha casa. E eu, acompanhando. Comecei a entender de fato o que era a computa\u00e7\u00e3o com uns oito anos. Com 10, 11 anos, eu ouvia as conversas sobre computa\u00e7\u00e3o ub\u00edqua e j\u00e1 tinha no\u00e7\u00e3o do que estava por tr\u00e1s. Apesar desse contexto, eu era uma crian\u00e7a que brincava como todas as da minha gera\u00e7\u00e3o, mas de certa forma eu gostava de brincadeiras que talvez indicassem meu interesse pelo que fa\u00e7o hoje. Eu me divertia criando joguinhos de computador, desmontando e remontando os carrinhos ao inv\u00e9s de brincar de corrida com eles\u2026 Na adolesc\u00eancia eu j\u00e1 sabia um pouco de programa\u00e7\u00e3o, Matem\u00e1tica sempre foi meu forte. Estava claro que eu ia seguir meu caminho na \u00e1rea de exatas. A escolha do curso na universidade veio da\u00ed, por gostar de computa\u00e7\u00e3o e por afinidade. Nessa \u00e9poca, tive uma experi\u00eancia de trabalho como estagi\u00e1rio, n\u00e3o gostei, e ent\u00e3o tive a certeza que eu queria fazer as minhas pr\u00f3prias coisas. Sempre quis.<\/p>\n<p id=\"6a7d\">2011 foi o ano de virada. Cursando a disciplina de Projeto de Desenvolvimento na Universidade, conhecida pelos estudantes como \u201cProjet\u00e3o\u201d, os amigos que hoje s\u00e3o meus s\u00f3cios e eu t\u00ednhamos que criar o prot\u00f3tipo de um produto ou servi\u00e7o real, validar a ideia com o mercado, vend\u00ea-la para um cliente real e simular o dia a dia de uma startup. Experi\u00eancia enriquecedora que oferece aos estudantes universit\u00e1rios uma rara chance de colocar na pr\u00e1tica seus conhecimentos dentro de um pensamento empreendedor. Nossa ideia era criar uma plataforma que enviaria aplica\u00e7\u00f5es tempor\u00e1rias para um smartphone, laptop ou qualquer outro aparelho m\u00f3vel com acesso \u00e0 internet sem fio. Assim, apps de bancos, shoppings e restaurantes seriam instalados automaticamente, de acordo com a localiza\u00e7\u00e3o do usu\u00e1rio, sem a necessidade de interven\u00e7\u00e3o manual. Era o in\u00edcio do nosso caminho para criar a plataforma da era da computa\u00e7\u00e3o ub\u00edqua.<\/p>\n<p id=\"45eb\">Com o passar do tempo, no entanto, a instala\u00e7\u00e3o autom\u00e1tica de aplicativos se provou tecnicamente imposs\u00edvel e o escopo do projeto original impediria a entrega do prot\u00f3tipo em tempo h\u00e1bil. Por isso, decidimos criar uma vers\u00e3o mais compacta: um aplicativo para shoppings com navega\u00e7\u00e3o indoor, gamifica\u00e7\u00e3o e ofertas especiais para os consumidores que tivessem esse app instalado. O dono do shopping pagaria pelo aplicativo em troca de relat\u00f3rios sobre o comportamento dos consumidores que visitaram o local. O produto foi batizado de Ubee. Com determina\u00e7\u00e3o empreendedora, decidimos criar a nossa pr\u00f3pria tecnologia de geolocaliza\u00e7\u00e3o indoor. O que nasceu como um projeto universit\u00e1rio ganhou exposi\u00e7\u00e3o nacional como a 5\u00aa melhor startup brasileira no\u00a0<em>Desafio Brasil 2011<\/em>, uma competi\u00e7\u00e3o de startups promovida pela Intel, e come\u00e7ou a chamar a aten\u00e7\u00e3o de investidores e da imprensa. Com o pr\u00eamio, fomos eleitos para participar da incuba\u00e7\u00e3o do Porto Digital, um grande passo para o nosso neg\u00f3cio. L\u00e1, focamos e ganhamos consci\u00eancia sobre o valor do nosso projeto.<\/p>\n<p id=\"d44e\">E, assim, o tempo passou. Em 2013, com um aluguel de R$ 700 ao m\u00eas, fomos para o nosso primeiro escrit\u00f3rio, contratamos os primeiros funcion\u00e1rios. A nossa tecnologia e produto avan\u00e7aram bastante naquele ano gra\u00e7as \u00e0 dedica\u00e7\u00e3o do time. Foi a\u00ed que nasceu a nossa solu\u00e7\u00e3o para publicidade geolocalizada, nomeada na \u00e9poca como Ubee Ads.<\/p>\n<p id=\"0c70\">Mas 2014 chegou e a situa\u00e7\u00e3o ligeiramente confort\u00e1vel em que nos encontr\u00e1vamos acabou. Come\u00e7amos a sentir a press\u00e3o da crise financeira do Brasil. Na ocasi\u00e3o, o Ubee Ads se transformou na In Loco Media e foi lan\u00e7ado no mercado a partir da entrada do nosso primeiro publisher, o aplicativo Eu Sei. Dois meses ap\u00f3s o lan\u00e7amento, a In Loco Media se transformou em uma empresa rent\u00e1vel. O projeto que iniciamos em 2011 havia, finalmente, dado frutos. Naquele mesmo ano, a nossa tecnologia exclusiva de geolocaliza\u00e7\u00e3o indoor foi premiada na IPSN 2014 pela Microsoft, na cidade de Berlim. Esse foi apenas o in\u00edcio da jornada.<\/p>\n<p id=\"b08c\">Em 2015, surgiram novos problemas e a lucratividade da empresa caiu drasticamente. Nesta fase destru\u00ed cinco sapatos gra\u00e7as \u00e0s longas caminhadas e corridas que eu dava para n\u00e3o me atrasar para as reuni\u00f5es com clientes. Afinal, o tr\u00e2nsito de S\u00e3o Paulo \u00e9 uma loucura e eu n\u00e3o tinha dinheiro para arcar com viagens de t\u00e1xi diariamente. Mas avan\u00e7amos e realizamos as primeiras contrata\u00e7\u00f5es fora da \u00e1rea de tecnologia. Como resultado, fomos selecionados como uma das 15 startups mais promissoras do mercado publicit\u00e1rio do mundo no programa Startup Academy<em>\u00a0<\/em>do<em>\u00a0Cannes Lions Innovation 2015<\/em>. Al\u00e9m disso, fomos premiados nas categorias Lead Generation e Location Based do\u00a0<em>The Smarties Awards Global\u00a0<\/em>de 2015.<\/p>\n<p id=\"8ef9\">O ano seguinte foi igualmente intenso, por\u00e9m em termos de tra\u00e7\u00e3o e otimiza\u00e7\u00e3o da nossa tecnologia. Este foi o momento em que notamos uma grande oportunidade para come\u00e7ar a trabalhar com dados sem, necessariamente, estarem vinculados a campanhas publicit\u00e1rias. Foi assim o princ\u00edpio da In Loco como o mundo conhece hoje.<\/p>\n<p id=\"5576\">Quebramos tr\u00eas vezes, mas n\u00e3o paramos de evoluir. As crises trouxeram aprendizados importantes. Com a primeira, aprendemos que nunca se deve fazer nada de gra\u00e7a\u200a\u2014\u200ase o cliente n\u00e3o sente o bolso, n\u00e3o d\u00e1 valor, independente de qu\u00e3o boa seja a solu\u00e7\u00e3o que est\u00e1 recebendo. Na segunda ganhamos ci\u00eancia de que no embate entre o executivo que representa o cliente e voc\u00ea, dono do neg\u00f3cio, ganha quem tem mais poder. \u00c9 preciso estar disposto a perder tudo para encarar uma \u201cbriga\u201d assim. E o aprendizado que eu tiro da terceira crise pela qual passamos \u00e9 que a gente tem que confiar no instinto. Fizemos investimentos agressivos que podiam ter quebrado a empresa. Uma pessoa mais racional, no meu lugar, talvez n\u00e3o tivesse feito esses investimentos e passado pela turbul\u00eancia. Mas ela foi extremamente necess\u00e1ria, e, no final, conseguimos construir a plataforma. \u00c9 isso que importa para mim. Se tiv\u00e9ssemos investido menos, o ano teria sido mais lucrativo para a empresa, mas a plataforma n\u00e3o teria sa\u00eddo. \u00c0s vezes a gente tem que ser doido mesmo, confiar mais no instinto do que na raz\u00e3o.<\/p>\n<p id=\"0e5e\">Empreender \u00e9 mais do que fundar uma startup famosa e fazer muito dinheiro. Ser empreendedor \u00e9 ter uma miss\u00e3o e seguir firme no objetivo, apesar dos obst\u00e1culos. Independente do tamanho que a In Loco tem hoje, eu quero torn\u00e1-la muito maior, global. Queremos atingir a vis\u00e3o da empresa. Olhar para o passado nos orgulha, mas \u00e9 quando olhamos para o futuro que encontramos a certeza de que a realiza\u00e7\u00e3o do nosso sonho est\u00e1 s\u00f3 come\u00e7ando.<\/p>\n<\/section>\n<section>\n<hr>\n<p id=\"3264\"><strong>Andr\u00e9 Ferraz<\/strong>\u00a0\u00e9 cofundador e CEO da\u00a0<a data-href=\"https:\/\/www.inlocomedia.com\" href=\"https:\/\/www.inlocomedia.com\/\" rel=\"nofollow noopener\" target=\"_blank\">In Loco<\/a>, empresa de tecnologia pioneira no mercado de solu\u00e7\u00f5es baseadas em intelig\u00eancia de localiza\u00e7\u00e3o para m\u00eddia, aplicativos e antifraude na Am\u00e9rica Latina. \u00c9 membro da rede de empreendedores Endeavor, acumula palestras no mercado nacional e internacional como em Cannes Lions, Brazil Forum UK, ProXXima, IAB AdTech, Forum MMA Brasil, e tem artigos publicados em diversos ve\u00edculos nacionais.<\/p>\n<\/section>\n<\/div>\n","protected":false},"featured_media":2284,"template":"","categories":[3],"tags":[74],"formato_insights":[],"class_list":["post-2283","insight","type-insight","status-publish","has-post-thumbnail","hentry","category-negocios","tag-empreendedorismo"],"acf":[],"_links":{"self":[{"href":"https:\/\/www.cesar.org.br\/painel\/wp-json\/wp\/v2\/insight\/2283","targetHints":{"allow":["GET"]}}],"collection":[{"href":"https:\/\/www.cesar.org.br\/painel\/wp-json\/wp\/v2\/insight"}],"about":[{"href":"https:\/\/www.cesar.org.br\/painel\/wp-json\/wp\/v2\/types\/insight"}],"wp:featuredmedia":[{"embeddable":true,"href":"https:\/\/www.cesar.org.br\/painel\/wp-json\/wp\/v2\/media\/2284"}],"wp:attachment":[{"href":"https:\/\/www.cesar.org.br\/painel\/wp-json\/wp\/v2\/media?parent=2283"}],"wp:term":[{"taxonomy":"category","embeddable":true,"href":"https:\/\/www.cesar.org.br\/painel\/wp-json\/wp\/v2\/categories?post=2283"},{"taxonomy":"post_tag","embeddable":true,"href":"https:\/\/www.cesar.org.br\/painel\/wp-json\/wp\/v2\/tags?post=2283"},{"taxonomy":"formato_insights","embeddable":true,"href":"https:\/\/www.cesar.org.br\/painel\/wp-json\/wp\/v2\/formato_insights?post=2283"}],"curies":[{"name":"wp","href":"https:\/\/api.w.org\/{rel}","templated":true}]}}

Propósito e resiliência para ser grande

<div class="content-article">
<p><em>por</em><strong><em> André Ferraz</em></strong></p>
<blockquote>
<p><cite><strong>Empreender é mais do que fundar uma startup famosa e fazer muito dinheiro. É ter uma missão e seguir firme no objetivo, apesar dos obstáculos.</strong></cite></p>
</blockquote>
<p id="2f25">A minha história como empreendedor se confunde com a história da In Loco, empresa de tecnologia de localização que fundei com os meus sócios quando ainda estudávamos Ciências da Computação na Universidade Federal de Pernambuco. Parece que faz uma eternidade, mas essa história começou há apenas sete anos.</p>
<section>
<p id="9498">Com propósito e persistência, neste intervalo de tempo construímos uma empresa reconhecida pela Microsoft como a detentora da localização mais precisa do mundo para fins comerciais, desenvolvemos produtos para solucionar demandas relacionadas à mídia, aplicativos e antifraudes, temos um time de 170 pessoas, escritórios em um dos mais icônicos prédios do Porto Digital, em Recife, São Paulo e Rio de Janeiro, já atuamos nos Estados Unidos, e isso tudo ainda não está nem perto de onde queremos e vamos chegar.</p>
<p id="cdc4">Mas para estar onde estamos hoje, temos que voltar algum tempo no passado. Um ponto na história muito anterior ao meu encontro com os meus sócios. Mais precisamente, na minha infância. Sou filho de dois nerds: minha mãe é engenheira e meu pai, professor de Ciência da Computação. Eu tinha uns quatro ou cinco anos quando eles começaram a estudar um campo da tecnologia conhecido como “computação ubíqua”, uma teoria que defende que no futuro os computadores serão tão inteligentes e proativos que responderão às nossas perguntas e serão capazes de “prever” o que queremos, antes mesmo de darmos uma ordem a eles. O assunto computação era frequente na minha casa. E eu, acompanhando. Comecei a entender de fato o que era a computação com uns oito anos. Com 10, 11 anos, eu ouvia as conversas sobre computação ubíqua e já tinha noção do que estava por trás. Apesar desse contexto, eu era uma criança que brincava como todas as da minha geração, mas de certa forma eu gostava de brincadeiras que talvez indicassem meu interesse pelo que faço hoje. Eu me divertia criando joguinhos de computador, desmontando e remontando os carrinhos ao invés de brincar de corrida com eles… Na adolescência eu já sabia um pouco de programação, Matemática sempre foi meu forte. Estava claro que eu ia seguir meu caminho na área de exatas. A escolha do curso na universidade veio daí, por gostar de computação e por afinidade. Nessa época, tive uma experiência de trabalho como estagiário, não gostei, e então tive a certeza que eu queria fazer as minhas próprias coisas. Sempre quis.</p>
<p id="6a7d">2011 foi o ano de virada. Cursando a disciplina de Projeto de Desenvolvimento na Universidade, conhecida pelos estudantes como “Projetão”, os amigos que hoje são meus sócios e eu tínhamos que criar o protótipo de um produto ou serviço real, validar a ideia com o mercado, vendê-la para um cliente real e simular o dia a dia de uma startup. Experiência enriquecedora que oferece aos estudantes universitários uma rara chance de colocar na prática seus conhecimentos dentro de um pensamento empreendedor. Nossa ideia era criar uma plataforma que enviaria aplicações temporárias para um smartphone, laptop ou qualquer outro aparelho móvel com acesso à internet sem fio. Assim, apps de bancos, shoppings e restaurantes seriam instalados automaticamente, de acordo com a localização do usuário, sem a necessidade de intervenção manual. Era o início do nosso caminho para criar a plataforma da era da computação ubíqua.</p>
<p id="45eb">Com o passar do tempo, no entanto, a instalação automática de aplicativos se provou tecnicamente impossível e o escopo do projeto original impediria a entrega do protótipo em tempo hábil. Por isso, decidimos criar uma versão mais compacta: um aplicativo para shoppings com navegação indoor, gamificação e ofertas especiais para os consumidores que tivessem esse app instalado. O dono do shopping pagaria pelo aplicativo em troca de relatórios sobre o comportamento dos consumidores que visitaram o local. O produto foi batizado de Ubee. Com determinação empreendedora, decidimos criar a nossa própria tecnologia de geolocalização indoor. O que nasceu como um projeto universitário ganhou exposição nacional como a 5ª melhor startup brasileira no <em>Desafio Brasil 2011</em>, uma competição de startups promovida pela Intel, e começou a chamar a atenção de investidores e da imprensa. Com o prêmio, fomos eleitos para participar da incubação do Porto Digital, um grande passo para o nosso negócio. Lá, focamos e ganhamos consciência sobre o valor do nosso projeto.</p>
<p id="d44e">E, assim, o tempo passou. Em 2013, com um aluguel de R$ 700 ao mês, fomos para o nosso primeiro escritório, contratamos os primeiros funcionários. A nossa tecnologia e produto avançaram bastante naquele ano graças à dedicação do time. Foi aí que nasceu a nossa solução para publicidade geolocalizada, nomeada na época como Ubee Ads.</p>
<p id="0c70">Mas 2014 chegou e a situação ligeiramente confortável em que nos encontrávamos acabou. Começamos a sentir a pressão da crise financeira do Brasil. Na ocasião, o Ubee Ads se transformou na In Loco Media e foi lançado no mercado a partir da entrada do nosso primeiro publisher, o aplicativo Eu Sei. Dois meses após o lançamento, a In Loco Media se transformou em uma empresa rentável. O projeto que iniciamos em 2011 havia, finalmente, dado frutos. Naquele mesmo ano, a nossa tecnologia exclusiva de geolocalização indoor foi premiada na IPSN 2014 pela Microsoft, na cidade de Berlim. Esse foi apenas o início da jornada.</p>
<p id="b08c">Em 2015, surgiram novos problemas e a lucratividade da empresa caiu drasticamente. Nesta fase destruí cinco sapatos graças às longas caminhadas e corridas que eu dava para não me atrasar para as reuniões com clientes. Afinal, o trânsito de São Paulo é uma loucura e eu não tinha dinheiro para arcar com viagens de táxi diariamente. Mas avançamos e realizamos as primeiras contratações fora da área de tecnologia. Como resultado, fomos selecionados como uma das 15 startups mais promissoras do mercado publicitário do mundo no programa Startup Academy<em> </em>do<em> Cannes Lions Innovation 2015</em>. Além disso, fomos premiados nas categorias Lead Generation e Location Based do <em>The Smarties Awards Global </em>de 2015.</p>
<p id="8ef9">O ano seguinte foi igualmente intenso, porém em termos de tração e otimização da nossa tecnologia. Este foi o momento em que notamos uma grande oportunidade para começar a trabalhar com dados sem, necessariamente, estarem vinculados a campanhas publicitárias. Foi assim o princípio da In Loco como o mundo conhece hoje.</p>
<p id="5576">Quebramos três vezes, mas não paramos de evoluir. As crises trouxeram aprendizados importantes. Com a primeira, aprendemos que nunca se deve fazer nada de graça — se o cliente não sente o bolso, não dá valor, independente de quão boa seja a solução que está recebendo. Na segunda ganhamos ciência de que no embate entre o executivo que representa o cliente e você, dono do negócio, ganha quem tem mais poder. É preciso estar disposto a perder tudo para encarar uma “briga” assim. E o aprendizado que eu tiro da terceira crise pela qual passamos é que a gente tem que confiar no instinto. Fizemos investimentos agressivos que podiam ter quebrado a empresa. Uma pessoa mais racional, no meu lugar, talvez não tivesse feito esses investimentos e passado pela turbulência. Mas ela foi extremamente necessária, e, no final, conseguimos construir a plataforma. É isso que importa para mim. Se tivéssemos investido menos, o ano teria sido mais lucrativo para a empresa, mas a plataforma não teria saído. Às vezes a gente tem que ser doido mesmo, confiar mais no instinto do que na razão.</p>
<p id="0e5e">Empreender é mais do que fundar uma startup famosa e fazer muito dinheiro. Ser empreendedor é ter uma missão e seguir firme no objetivo, apesar dos obstáculos. Independente do tamanho que a In Loco tem hoje, eu quero torná-la muito maior, global. Queremos atingir a visão da empresa. Olhar para o passado nos orgulha, mas é quando olhamos para o futuro que encontramos a certeza de que a realização do nosso sonho está só começando.</p>
</section>
<section>
<hr>
<p id="3264"><strong>André Ferraz</strong> é cofundador e CEO da <a data-href="https://www.inlocomedia.com" href="https://www.inlocomedia.com/" rel="nofollow noopener" target="_blank">In Loco</a>, empresa de tecnologia pioneira no mercado de soluções baseadas em inteligência de localização para mídia, aplicativos e antifraude na América Latina. É membro da rede de empreendedores Endeavor, acumula palestras no mercado nacional e internacional como em Cannes Lions, Brazil Forum UK, ProXXima, IAB AdTech, Forum MMA Brasil, e tem artigos publicados em diversos veículos nacionais.</p>
</section>
</div>
